
{"id":3932,"date":"2021-02-13T07:30:00","date_gmt":"2021-02-13T06:30:00","guid":{"rendered":"http:\/\/patrickmiralles.com\/?page_id=3932"},"modified":"2021-07-13T07:58:28","modified_gmt":"2021-07-13T05:58:28","slug":"musiques-2","status":"publish","type":"page","link":"https:\/\/patrickmiralles.com\/?page_id=3932","title":{"rendered":"MUSIQUES"},"content":{"rendered":" <div data-elementor-type=\"wp-page\" data-elementor-id=\"3932\" class=\"elementor elementor-3932\"> <section class=\"elementor-section elementor-top-section elementor-element elementor-element-8fc4749 elementor-section-boxed elementor-section-height-default elementor-section-height-default\" data-id=\"8fc4749\" data-element_type=\"section\" data-e-type=\"section\"> <div class=\"elementor-container elementor-column-gap-default\">  <div class=\"elementor-column elementor-col-100 elementor-top-column elementor-element elementor-element-d69eadb\" data-id=\"d69eadb\" data-element_type=\"column\" data-e-type=\"column\">  <div class=\"elementor-widget-wrap elementor-element-populated\">  <\/div>  <\/div>  <\/div> <\/section>\n\t\t\t\t<section class=\"elementor-section elementor-top-section elementor-element elementor-element-6f44be0f elementor-section-boxed elementor-section-height-default elementor-section-height-default\" data-id=\"6f44be0f\" data-element_type=\"section\" data-e-type=\"section\"> <div class=\"elementor-container elementor-column-gap-default\">  <div class=\"elementor-column elementor-col-100 elementor-top-column elementor-element elementor-element-568579be\" data-id=\"568579be\" data-element_type=\"column\" data-e-type=\"column\">  <div class=\"elementor-widget-wrap elementor-element-populated\">  <div class=\"elementor-element elementor-element-f1da6ed elementor-widget elementor-widget-image\" data-id=\"f1da6ed\" data-element_type=\"widget\" data-e-type=\"widget\" data-widget_type=\"image.default\">  <div class=\"elementor-widget-container\"> <img fetchpriority=\"high\" decoding=\"async\" width=\"1024\" height=\"341\" src=\"https:\/\/patrickmiralles.com\/wp-content\/uploads\/2021\/02\/musical-instrument-maker-featured-artist-img-bg-1-1024x341-1.jpg\" class=\"attachment-large size-large wp-image-3940\" alt=\"\" srcset=\"https:\/\/patrickmiralles.com\/wp-content\/uploads\/2021\/02\/musical-instrument-maker-featured-artist-img-bg-1-1024x341-1.jpg 1024w, https:\/\/patrickmiralles.com\/wp-content\/uploads\/2021\/02\/musical-instrument-maker-featured-artist-img-bg-1-1024x341-1-300x100.jpg 300w, https:\/\/patrickmiralles.com\/wp-content\/uploads\/2021\/02\/musical-instrument-maker-featured-artist-img-bg-1-1024x341-1-768x256.jpg 768w\" sizes=\"(max-width: 1024px) 100vw, 1024px\" \/> <\/div>  <\/div>  <\/div>  <\/div>  <\/div> <\/section>\n\t\t\t\t<section class=\"elementor-section elementor-top-section elementor-element elementor-element-2b151ebe elementor-section-boxed elementor-section-height-default elementor-section-height-default\" data-id=\"2b151ebe\" data-element_type=\"section\" data-e-type=\"section\"> <div class=\"elementor-container elementor-column-gap-default\">  <div class=\"elementor-column elementor-col-100 elementor-top-column elementor-element elementor-element-6d697a2\" data-id=\"6d697a2\" data-element_type=\"column\" data-e-type=\"column\">  <div class=\"elementor-widget-wrap elementor-element-populated\">  <div class=\"elementor-element elementor-element-1b07bc15 elementor-widget elementor-widget-text-editor\" data-id=\"1b07bc15\" data-element_type=\"widget\" data-e-type=\"widget\" data-widget_type=\"text-editor.default\">  <div class=\"elementor-widget-container\"> <p>Un aper\u00e7u de mes productions, du moins celles qui sont prot\u00e9g\u00e9es (SACEM), et pr\u00e9sentables.<\/p> <\/div>  <\/div>  <\/div>  <\/div>  <\/div> <\/section>\n\t\t\t\t<section class=\"elementor-section elementor-top-section elementor-element elementor-element-67bf37f elementor-section-boxed elementor-section-height-default elementor-section-height-default\" data-id=\"67bf37f\" data-element_type=\"section\" data-e-type=\"section\"> <div class=\"elementor-container elementor-column-gap-default\">  <div class=\"elementor-column elementor-col-100 elementor-top-column elementor-element elementor-element-c147a05\" data-id=\"c147a05\" data-element_type=\"column\" data-e-type=\"column\">  <div class=\"elementor-widget-wrap elementor-element-populated\">  <div class=\"elementor-element elementor-element-56f51bb elementor-widget-divider--view-line elementor-widget elementor-widget-divider\" data-id=\"56f51bb\" data-element_type=\"widget\" data-e-type=\"widget\" data-widget_type=\"divider.default\">  <div class=\"elementor-widget-container\">  <div class=\"elementor-divider\"> <span class=\"elementor-divider-separator\">\n\t\t\t\t\t\t<\/span> <\/div>  <\/div>  <\/div>  <\/div>  <\/div>  <\/div> <\/section>\n\t\t\t\t<section class=\"elementor-section elementor-top-section elementor-element elementor-element-495fab8 elementor-section-boxed elementor-section-height-default elementor-section-height-default\" data-id=\"495fab8\" data-element_type=\"section\" data-e-type=\"section\"> <div class=\"elementor-container elementor-column-gap-default\">  <div class=\"elementor-column elementor-col-50 elementor-top-column elementor-element elementor-element-749ae12\" data-id=\"749ae12\" data-element_type=\"column\" data-e-type=\"column\">  <div class=\"elementor-widget-wrap elementor-element-populated\">  <div class=\"elementor-element elementor-element-cd61ee8 elementor-widget elementor-widget-image\" data-id=\"cd61ee8\" data-element_type=\"widget\" data-e-type=\"widget\" data-widget_type=\"image.default\">  <div class=\"elementor-widget-container\"> <img decoding=\"async\" width=\"150\" height=\"150\" src=\"https:\/\/patrickmiralles.com\/wp-content\/uploads\/2021\/02\/morris-column-landmark-vintage-5990956-150x150.jpg\" class=\"attachment-thumbnail size-thumbnail wp-image-4456\" alt=\"morris column, landmark, vintage\" \/> <\/div>  <\/div>  <\/div>  <\/div>  <div class=\"elementor-column elementor-col-50 elementor-top-column elementor-element elementor-element-5fd72f8\" data-id=\"5fd72f8\" data-element_type=\"column\" data-e-type=\"column\">  <div class=\"elementor-widget-wrap elementor-element-populated\">  <div class=\"elementor-element elementor-element-b16c411 elementor-widget elementor-widget-heading\" data-id=\"b16c411\" data-element_type=\"widget\" data-e-type=\"widget\" data-widget_type=\"heading.default\">  <div class=\"elementor-widget-container\"> <h2 class=\"elementor-heading-title elementor-size-default\">Commandes<\/h2> <\/div>  <\/div>  <div class=\"elementor-element elementor-element-d2358b3 elementor-widget elementor-widget-text-editor\" data-id=\"d2358b3\" data-element_type=\"widget\" data-e-type=\"widget\" data-widget_type=\"text-editor.default\">  <div class=\"elementor-widget-container\"> <p>Des musiques r\u00e9alis\u00e9es \u00ab\u00a0sur commande\u00a0\u00bb pour le spectacle de rue, l&rsquo; audiovisuel, le th\u00e9\u00e2tre&#8230;<\/p> <\/div>  <\/div>  <\/div>  <\/div>  <\/div> <\/section>\n\t\t\t\t<section class=\"elementor-section elementor-top-section elementor-element elementor-element-5959e27 elementor-section-boxed elementor-section-height-default elementor-section-height-default\" data-id=\"5959e27\" data-element_type=\"section\" data-e-type=\"section\"> <div class=\"elementor-container elementor-column-gap-default\">  <div class=\"elementor-column elementor-col-50 elementor-top-column elementor-element elementor-element-d44b6cc\" data-id=\"d44b6cc\" data-element_type=\"column\" data-e-type=\"column\">  <div class=\"elementor-widget-wrap elementor-element-populated\">  <div class=\"elementor-element elementor-element-b9c2f07 elementor-widget elementor-widget-image\" data-id=\"b9c2f07\" data-element_type=\"widget\" data-e-type=\"widget\" data-widget_type=\"image.default\">  <div class=\"elementor-widget-container\"> <img decoding=\"async\" width=\"150\" height=\"150\" src=\"https:\/\/patrickmiralles.com\/wp-content\/uploads\/2020\/12\/cropped-rouge-scaled-1-150x150.jpg\" class=\"attachment-thumbnail size-thumbnail wp-image-2280\" alt=\"\" srcset=\"https:\/\/patrickmiralles.com\/wp-content\/uploads\/2020\/12\/cropped-rouge-scaled-1-150x150.jpg 150w, https:\/\/patrickmiralles.com\/wp-content\/uploads\/2020\/12\/cropped-rouge-scaled-1-300x300.jpg 300w, https:\/\/patrickmiralles.com\/wp-content\/uploads\/2020\/12\/cropped-rouge-scaled-1-270x270.jpg 270w, https:\/\/patrickmiralles.com\/wp-content\/uploads\/2020\/12\/cropped-rouge-scaled-1-192x192.jpg 192w, https:\/\/patrickmiralles.com\/wp-content\/uploads\/2020\/12\/cropped-rouge-scaled-1-180x180.jpg 180w, https:\/\/patrickmiralles.com\/wp-content\/uploads\/2020\/12\/cropped-rouge-scaled-1-32x32.jpg 32w, https:\/\/patrickmiralles.com\/wp-content\/uploads\/2020\/12\/cropped-rouge-scaled-1.jpg 512w\" sizes=\"(max-width: 150px) 100vw, 150px\" \/> <\/div>  <\/div>  <\/div>  <\/div>  <div class=\"elementor-column elementor-col-50 elementor-top-column elementor-element elementor-element-48d2dab\" data-id=\"48d2dab\" data-element_type=\"column\" data-e-type=\"column\">  <div class=\"elementor-widget-wrap elementor-element-populated\">  <div class=\"elementor-element elementor-element-eaea5a6 elementor-widget elementor-widget-heading\" data-id=\"eaea5a6\" data-element_type=\"widget\" data-e-type=\"widget\" data-widget_type=\"heading.default\">  <div class=\"elementor-widget-container\"> <h2 class=\"elementor-heading-title elementor-size-default\">Perso<\/h2> <\/div>  <\/div>  <div class=\"elementor-element elementor-element-1683bbb elementor-widget elementor-widget-text-editor\" data-id=\"1683bbb\" data-element_type=\"widget\" data-e-type=\"widget\" data-widget_type=\"text-editor.default\">  <div class=\"elementor-widget-container\"> <p>Des compositions personnelles, au gr\u00e9 des inspirations.<\/p> <\/div>  <\/div>  <\/div>  <\/div>  <\/div> <\/section>\n\t\t\t\t<section class=\"elementor-section elementor-top-section elementor-element elementor-element-30c35f7 elementor-section-boxed elementor-section-height-default elementor-section-height-default\" data-id=\"30c35f7\" data-element_type=\"section\" data-e-type=\"section\"> <div class=\"elementor-container elementor-column-gap-default\">  <div class=\"elementor-column elementor-col-50 elementor-top-column elementor-element elementor-element-fb6132a\" data-id=\"fb6132a\" data-element_type=\"column\" data-e-type=\"column\">  <div class=\"elementor-widget-wrap elementor-element-populated\">  <div class=\"elementor-element elementor-element-066826c elementor-widget elementor-widget-image\" data-id=\"066826c\" data-element_type=\"widget\" data-e-type=\"widget\" data-widget_type=\"image.default\">  <div class=\"elementor-widget-container\"> <img loading=\"lazy\" decoding=\"async\" width=\"1280\" height=\"960\" src=\"https:\/\/patrickmiralles.com\/wp-content\/uploads\/2021\/02\/team-lone-town-sign-67053.jpg\" class=\"attachment-full size-full wp-image-4459\" alt=\"team, lone, town sign\" srcset=\"https:\/\/patrickmiralles.com\/wp-content\/uploads\/2021\/02\/team-lone-town-sign-67053.jpg 1280w, https:\/\/patrickmiralles.com\/wp-content\/uploads\/2021\/02\/team-lone-town-sign-67053-300x225.jpg 300w, https:\/\/patrickmiralles.com\/wp-content\/uploads\/2021\/02\/team-lone-town-sign-67053-1024x768.jpg 1024w, https:\/\/patrickmiralles.com\/wp-content\/uploads\/2021\/02\/team-lone-town-sign-67053-768x576.jpg 768w\" sizes=\"(max-width: 1280px) 100vw, 1280px\" \/> <\/div>  <\/div>  <\/div>  <\/div>  <div class=\"elementor-column elementor-col-50 elementor-top-column elementor-element elementor-element-c3b98b1\" data-id=\"c3b98b1\" data-element_type=\"column\" data-e-type=\"column\">  <div class=\"elementor-widget-wrap elementor-element-populated\">  <div class=\"elementor-element elementor-element-dbc374d elementor-widget elementor-widget-heading\" data-id=\"dbc374d\" data-element_type=\"widget\" data-e-type=\"widget\" data-widget_type=\"heading.default\">  <div class=\"elementor-widget-container\"> <h2 class=\"elementor-heading-title elementor-size-default\">Collaborations<\/h2> <\/div>  <\/div>  <div class=\"elementor-element elementor-element-c5816e7 elementor-widget elementor-widget-text-editor\" data-id=\"c5816e7\" data-element_type=\"widget\" data-e-type=\"widget\" data-widget_type=\"text-editor.default\">  <div class=\"elementor-widget-container\"> <p>Des musiques que je n&rsquo; ai en g\u00e9n\u00e9ral pas compos\u00e9es, mais\u00a0 auxquelles j&rsquo;ai contribu\u00e9 en partie (quo-\u00e9criture, arrangement, enregistrement des parties musicales, mixage, mastering)<\/p> <\/div>  <\/div>  <\/div>  <\/div>  <\/div> <\/section>\n\t\t\t\t<section class=\"elementor-section elementor-top-section elementor-element elementor-element-34621cb elementor-section-boxed elementor-section-height-default elementor-section-height-default\" data-id=\"34621cb\" data-element_type=\"section\" data-e-type=\"section\"> <div class=\"elementor-container elementor-column-gap-default\">  <div class=\"elementor-column elementor-col-100 elementor-top-column elementor-element elementor-element-6077037\" data-id=\"6077037\" data-element_type=\"column\" data-e-type=\"column\">  <div class=\"elementor-widget-wrap elementor-element-populated\">  <div class=\"elementor-element elementor-element-2b84316 elementor-widget-divider--view-line elementor-widget elementor-widget-divider\" data-id=\"2b84316\" data-element_type=\"widget\" data-e-type=\"widget\" data-widget_type=\"divider.default\">  <div class=\"elementor-widget-container\">  <div class=\"elementor-divider\"> <span class=\"elementor-divider-separator\">\n\t\t\t\t\t\t<\/span> <\/div>  <\/div>  <\/div>  <\/div>  <\/div>  <\/div> <\/section>\n\t\t\t\t<section class=\"elementor-section elementor-top-section elementor-element elementor-element-2d3bd3b elementor-section-boxed elementor-section-height-default elementor-section-height-default\" data-id=\"2d3bd3b\" data-element_type=\"section\" data-e-type=\"section\"> <div class=\"elementor-container elementor-column-gap-default\">  <div class=\"elementor-column elementor-col-100 elementor-top-column elementor-element elementor-element-5c960d1\" data-id=\"5c960d1\" data-element_type=\"column\" data-e-type=\"column\">  <div class=\"elementor-widget-wrap elementor-element-populated\">  <div class=\"elementor-element elementor-element-236f749 elementor-widget elementor-widget-heading\" data-id=\"236f749\" data-element_type=\"widget\" data-e-type=\"widget\" data-widget_type=\"heading.default\">  <div class=\"elementor-widget-container\"> <h4 class=\"elementor-heading-title elementor-size-default\">\u00c9couter quelques exemples<\/h4> <\/div>  <\/div>  <\/div>  <\/div>  <\/div> <\/section>\n\t\t\t\t<section class=\"elementor-section elementor-top-section elementor-element elementor-element-53de9f71 elementor-section-boxed elementor-section-height-default elementor-section-height-default\" data-id=\"53de9f71\" data-element_type=\"section\" data-e-type=\"section\"> <div class=\"elementor-container elementor-column-gap-default\">  <div class=\"elementor-column elementor-col-100 elementor-top-column elementor-element elementor-element-5621ead0\" data-id=\"5621ead0\" data-element_type=\"column\" data-e-type=\"column\">  <div class=\"elementor-widget-wrap\">  <\/div>  <\/div>  <\/div> <\/section> <\/div> ","protected":false},"excerpt":{"rendered":"<p>Un aper\u00e7u de mes productions, du moins celles qui sont prot\u00e9g\u00e9es (SACEM), et pr\u00e9sentables. Commandes Des musiques r\u00e9alis\u00e9es \u00ab\u00a0sur commande\u00a0\u00bb pour le spectacle de rue, l&rsquo; audiovisuel, le th\u00e9\u00e2tre&#8230; Perso Des compositions personnelles, au gr\u00e9 des inspirations. Collaborations Des musiques que je n&rsquo; ai en g\u00e9n\u00e9ral pas compos\u00e9es, mais\u00a0 auxquelles j&rsquo;ai contribu\u00e9 en partie (quo-\u00e9criture,&#8230;<\/p>\n","protected":false},"author":1,"featured_media":0,"parent":0,"menu_order":0,"comment_status":"closed","ping_status":"closed","template":"","meta":{"_stopmodifiedupdate":false,"_modified_date":"","site-sidebar-layout":"no-sidebar","site-content-layout":"page-builder","ast-site-content-layout":"default","site-content-style":"default","site-sidebar-style":"default","ast-global-header-display":"","ast-banner-title-visibility":"","ast-main-header-display":"","ast-hfb-above-header-display":"","ast-hfb-below-header-display":"","ast-hfb-mobile-header-display":"","site-post-title":"disabled","ast-breadcrumbs-content":"","ast-featured-img":"disabled","footer-sml-layout":"","theme-transparent-header-meta":"disabled","adv-header-id-meta":"","stick-header-meta":"","header-above-stick-meta":"","header-main-stick-meta":"","header-below-stick-meta":"","astra-migrate-meta-layouts":"default","ast-page-background-enabled":"default","ast-page-background-meta":{"desktop":{"background-color":"","background-image":"","background-repeat":"repeat","background-position":"center center","background-size":"auto","background-attachment":"scroll","background-type":"","background-media":"","overlay-type":"","overlay-color":"","overlay-opacity":"","overlay-gradient":""},"tablet":{"background-color":"","background-image":"","background-repeat":"repeat","background-position":"center center","background-size":"auto","background-attachment":"scroll","background-type":"","background-media":"","overlay-type":"","overlay-color":"","overlay-opacity":"","overlay-gradient":""},"mobile":{"background-color":"","background-image":"","background-repeat":"repeat","background-position":"center center","background-size":"auto","background-attachment":"scroll","background-type":"","background-media":"","overlay-type":"","overlay-color":"","overlay-opacity":"","overlay-gradient":""}},"ast-content-background-meta":{"desktop":{"background-color":"var(--ast-global-color-5)","background-image":"","background-repeat":"repeat","background-position":"center center","background-size":"auto","background-attachment":"scroll","background-type":"","background-media":"","overlay-type":"","overlay-color":"","overlay-opacity":"","overlay-gradient":""},"tablet":{"background-color":"var(--ast-global-color-5)","background-image":"","background-repeat":"repeat","background-position":"center center","background-size":"auto","background-attachment":"scroll","background-type":"","background-media":"","overlay-type":"","overlay-color":"","overlay-opacity":"","overlay-gradient":""},"mobile":{"background-color":"var(--ast-global-color-5)","background-image":"","background-repeat":"repeat","background-position":"center center","background-size":"auto","background-attachment":"scroll","background-type":"","background-media":"","overlay-type":"","overlay-color":"","overlay-opacity":"","overlay-gradient":""}},"footnotes":""},"class_list":["post-3932","page","type-page","status-publish","hentry"],"_links":{"self":[{"href":"https:\/\/patrickmiralles.com\/index.php?rest_route=\/wp\/v2\/pages\/3932","targetHints":{"allow":["GET"]}}],"collection":[{"href":"https:\/\/patrickmiralles.com\/index.php?rest_route=\/wp\/v2\/pages"}],"about":[{"href":"https:\/\/patrickmiralles.com\/index.php?rest_route=\/wp\/v2\/types\/page"}],"author":[{"embeddable":true,"href":"https:\/\/patrickmiralles.com\/index.php?rest_route=\/wp\/v2\/users\/1"}],"replies":[{"embeddable":true,"href":"https:\/\/patrickmiralles.com\/index.php?rest_route=%2Fwp%2Fv2%2Fcomments&post=3932"}],"version-history":[{"count":172,"href":"https:\/\/patrickmiralles.com\/index.php?rest_route=\/wp\/v2\/pages\/3932\/revisions"}],"predecessor-version":[{"id":6325,"href":"https:\/\/patrickmiralles.com\/index.php?rest_route=\/wp\/v2\/pages\/3932\/revisions\/6325"}],"wp:attachment":[{"href":"https:\/\/patrickmiralles.com\/index.php?rest_route=%2Fwp%2Fv2%2Fmedia&parent=3932"}],"curies":[{"name":"wp","href":"https:\/\/api.w.org\/{rel}","templated":true}]}}