
{"id":325,"date":"2015-01-19T19:07:25","date_gmt":"2015-01-19T18:07:25","guid":{"rendered":"http:\/\/patrickmiralles.com\/?page_id=325"},"modified":"2026-05-08T18:30:21","modified_gmt":"2026-05-08T16:30:21","slug":"charbon-ardent-2014-2","status":"publish","type":"page","link":"https:\/\/patrickmiralles.com\/?page_id=325","title":{"rendered":"Charbon ardent 2014"},"content":{"rendered":" <div data-elementor-type=\"wp-page\" data-elementor-id=\"325\" class=\"elementor elementor-325\"> <section class=\"elementor-section elementor-top-section elementor-element elementor-element-5890182 elementor-section-boxed elementor-section-height-default elementor-section-height-default\" data-id=\"5890182\" data-element_type=\"section\" data-e-type=\"section\"> <div class=\"elementor-container elementor-column-gap-default\">  <div class=\"elementor-column elementor-col-100 elementor-top-column elementor-element elementor-element-5d08793\" data-id=\"5d08793\" data-element_type=\"column\" data-e-type=\"column\">  <div class=\"elementor-widget-wrap elementor-element-populated\">  <div class=\"elementor-element elementor-element-ef0cef6 elementor-widget elementor-widget-heading\" data-id=\"ef0cef6\" data-element_type=\"widget\" data-e-type=\"widget\" data-widget_type=\"heading.default\">  <div class=\"elementor-widget-container\"> <h3 class=\"elementor-heading-title elementor-size-default\">Charbons ardents<\/h3> <\/div>  <\/div>  <\/div>  <\/div>  <\/div> <\/section>\n\t\t\t\t<section class=\"elementor-section elementor-top-section elementor-element elementor-element-524a52b elementor-section-boxed elementor-section-height-default elementor-section-height-default\" data-id=\"524a52b\" data-element_type=\"section\" data-e-type=\"section\"> <div class=\"elementor-container elementor-column-gap-default\">  <div class=\"elementor-column elementor-col-33 elementor-top-column elementor-element elementor-element-f9dd050\" data-id=\"f9dd050\" data-element_type=\"column\" data-e-type=\"column\">  <div class=\"elementor-widget-wrap elementor-element-populated\">  <div class=\"elementor-element elementor-element-a8e0a88 elementor-widget elementor-widget-image\" data-id=\"a8e0a88\" data-element_type=\"widget\" data-e-type=\"widget\" data-widget_type=\"image.default\">  <div class=\"elementor-widget-container\"> <img decoding=\"async\" width=\"130\" height=\"184\" src=\"http:\/\/patrickmiralles.com\/wp-content\/uploads\/2015\/01\/CA-2014.jpg\" class=\"attachment-large size-large wp-image-313\" alt=\"\" \/> <\/div>  <\/div>  <\/div>  <\/div>  <div class=\"elementor-column elementor-col-33 elementor-top-column elementor-element elementor-element-4efca66\" data-id=\"4efca66\" data-element_type=\"column\" data-e-type=\"column\">  <div class=\"elementor-widget-wrap elementor-element-populated\">  <div class=\"elementor-element elementor-element-9e26965 elementor-widget elementor-widget-text-editor\" data-id=\"9e26965\" data-element_type=\"widget\" data-e-type=\"widget\" data-widget_type=\"text-editor.default\">  <div class=\"elementor-widget-container\"> <p>A l\u2019occasion ce l\u2019\u00e9v\u00e8nement \u201cCharbon ardent\u201d, le 6 d\u00e9cembre 2014 \u00e0 la Grand Combe (30), un grand spectacle multi m\u00e9dia a conclu la soir\u00e9e, en hommage \u00e0 Jean Jaur\u00e8s. J\u2019ai \u00e9t\u00e9 charg\u00e9 pour l\u2019occasion de cr\u00e9er la bande son qui accompagnait une projection d\u2019images sur les murs de la ville par la compagnie \u201cD\u00e9lirium Lumens\u201d.<\/p> <\/div>  <\/div>  <\/div>  <\/div>  <div class=\"elementor-column elementor-col-33 elementor-top-column elementor-element elementor-element-c23d632\" data-id=\"c23d632\" data-element_type=\"column\" data-e-type=\"column\">  <div class=\"elementor-widget-wrap\">  <\/div>  <\/div>  <\/div> <\/section>\n\t\t\t\t<section class=\"elementor-section elementor-top-section elementor-element elementor-element-e65c3b0 elementor-section-boxed elementor-section-height-default elementor-section-height-default\" data-id=\"e65c3b0\" data-element_type=\"section\" data-e-type=\"section\"> <div class=\"elementor-container elementor-column-gap-default\">  <div class=\"elementor-column elementor-col-100 elementor-top-column elementor-element elementor-element-aba2fe9\" data-id=\"aba2fe9\" data-element_type=\"column\" data-e-type=\"column\">  <div class=\"elementor-widget-wrap elementor-element-populated\">  <div class=\"elementor-element elementor-element-f4dc334 elementor-widget elementor-widget-shortcode\" data-id=\"f4dc334\" data-element_type=\"widget\" data-e-type=\"widget\" data-widget_type=\"shortcode.default\">  <div class=\"elementor-widget-container\">  <div class=\"elementor-shortcode\">  <div   id=\"ag1\" class=\"audiogallery ag_slug_charbons auto-init skin-aura id_53 \" style=\"background-color:;\" data-options='{\"design_skin\":\"skin-aura\",\"settings_ap\":\"default-settings-for-zoomsounds\",\"settings_mode\":\"mode-normal\",\"navigation_method\":\"legacyscroll\",\"settings_mode_showall_show_number\":\"off\",\"mode_showall_layout\":\"\",\"design_menu_height\":\"auto\"}'>  <div class=\"items\">  <div class=\"audioplayer-tobe  playerid-4767 apconfig-default-settings-for-zoomsounds skin-wave button-aspect-noir  skin-wave  ap4767\"  style=\"\" data-posttype=\"dzsap_items\" id=\"ap4767\" data-playerid=\"4767\" data-computed-playerid=\"4767\" data-real-playerid=\"4767\" data-sanitized_source=\"httppatrickmirallescomwpcontentuploads201501Lesocialistemp3\" data-sample_time_total=\"415\" data-pcm='[0.932,0.5,0.495,0.936,0.349,0.956,0.149,0.656,0.614,0.967,0.736,0.667,0.575,0.502,0.296,0.332,0.533,0.153,0.443,0.303,0.572,0.57,0.425,0.636,0.649,0.289,0.368,0.69,0.174,0.331,0.482,0.73,0.783,0.398,0.627,0.365,0.1,0.244,0.674,0.088,0.765,0.032,0.657,0.91,0.913,0.708,0.194,0.388,0.577,0.707,0.242,0.338,0.029,0.222,0.242,0.649,0.375,0.939,0.543,0.977,0.796,0.739,0.92,0.954,0.432,0.232,0.841,0.311,0.463,0.049,0.713,0.221,0.235,0.204,0.078,0.763,0.748,0.257,0.326,0.791,0.676,0.582,0.23,0.533,0.903,0.676,0.79,0.981,0.135,0.098,0.224,0.277,0.46,0.736,0.149,0.635,0.057,0.054,0.164,0.725,0.947,0.178,0.415,0.775,0.469,0.734,0.694,0.89,0.081,0.785,0.81,0.523,0.038,0.174,0.192,0.237,0.779,0.747,0.804,0.328,0.799,0.657,0.493,0.524,0.274,0.094,0.306,0.873,0.341,0.121,0.275,0.649,0.088,0.9,0.069,0.174,0.43,0.5,0.439,0.505,0.352,0.136,0.892,0.388,0.453,0.47,0.245,0.731,0.567,0.976,0.803,0.415,0.289,0.909,0.077,0.187,0.781,0.688,0.186,0.189,0.081,0.865,0.882,0.235,0.404,0.861,0.383,0.584,0.37,0.749,0.814,0.599,0.28,0.324,0.942,0.864,0.653,0.257,0.34,0.761,0.092,0.714,0.338,0.115,0.732,0.563,0.913,0.418,0.535,0.812,0.315,0.148,0.156,0.916,0.681,0.142,0.028,0.909,0.569,0.379]' data-type=\"detect\" data-source=\"http:\/\/patrickmiralles.com\/wp-content\/uploads\/2015\/01\/Le-socialiste.mp3\">  <div hidden class=\"feed-dzsap feed-artist-name\"> P Miralles <\/div>  <div hidden class=\"feed-dzsap feed-song-name\"> Le socialiste <\/div>  <div class=\"meta-artist track-meta-for-dzsap\"> <span class=\"the-artist first-line\"><span class=\"first-line-label\" >P Miralles<\/span><\/span><span class=\"the-name the-songname second-line\" >Le socialiste<\/span> <\/div>  <div class=\"menu-description\">  <div class=\"menu-artist-info\"> <span class=\"the-artist\">P Miralles<\/span><span class=\"the-name\">Le socialiste<\/span> <\/div>  <div class=\"menu-item-views\"> <svg class=\"svg-icon\" version=\"1.1\" id=\"Layer_2\" xmlns=\"https:\/\/www.w3.org\/2000\/svg\" xmlns:xlink=\"https:\/\/www.w3.org\/1999\/xlink\" x=\"0px\" y=\"0px\" width=\"11.161px\" height=\"12.817px\" viewBox=\"0 0 11.161 12.817\" enable-background=\"new 0 0 11.161 12.817\" xml:space=\"preserve\"> <g> <g> <g> <path fill=\"#D2D6DB\" d=\"M8.233,4.589c1.401,0.871,2.662,1.77,2.801,1.998c0.139,0.228-1.456,1.371-2.896,2.177l-4.408,2.465 c-1.44,0.805-2.835,1.474-3.101,1.484c-0.266,0.012-0.483-1.938-0.483-3.588V3.666c0-1.65,0.095-3.19,0.212-3.422 c0.116-0.232,1.875,0.613,3.276,1.484L8.233,4.589z\"\/> <\/g> <\/g> <\/g> <\/svg> <span class=\"the-count\">28<\/span> <\/div>  <div class=\"float-right\"> <a rel=\"nofollow\" class=\"btn-zoomsounds-menu menu-facebook-share\"  onclick='window.dzs_open_social_link(\"https:\/\/www.facebook.com\/sharer.php?u={{shareurl}}\",this); return false;'> <i class=\"fa fa-share\" aria-hidden=\"true\"><\/i> <\/a>  <a rel=\"nofollow\" class=\"btn-zoomsounds-menu menu-btn-like \"> <i class=\"fa fa-thumbs-up\" aria-hidden=\"true\"><\/i> <\/a> <\/div>  <\/div>  <\/div>  <div class=\"audioplayer-tobe  playerid-4768 apconfig-default-settings-for-zoomsounds skin-wave button-aspect-noir  skin-wave  ap4768\"  style=\"\" data-posttype=\"dzsap_items\" id=\"ap4768\" data-playerid=\"4768\" data-computed-playerid=\"4768\" data-real-playerid=\"4768\" data-sanitized_source=\"httppatrickmirallescomwpcontentuploads201501vivantsmp3\" data-sample_time_total=\"387\" data-pcm='[0.122,0.046,0.944,0.416,0.671,0.631,0.015,0.344,0.17,0.144,0.762,0.091,0.601,0.631,0.488,0.584,0.532,0.749,0.226,0.183,0.966,0.305,0.965,0.453,0.964,0.254,0.052,0.637,0.539,0.312,0.159,0.35,0.817,0.557,0.633,0.508,0.66,0.696,0.938,0.487,0.986,0.66,0.782,0.176,0.554,0.953,0.064,0.593,0.073,0.336,0.889,0.689,0.457,0.466,0.92,0.316,0.51,0.545,0.253,0.138,0.051,0.03,0.321,0.795,0.375,0.401,0.196,0.212,0.752,0.268,0.602,0.646,0.481,0.272,0.96,0.863,0.135,0.192,0.436,0.818,0.952,0.177,0.701,0.479,0.621,0.504,0.514,0.219,0.189,0.848,0.217,0.458,0.084,0.33,0.297,0.08,0.974,0.154,0.002,0.506,0.448,0.889,0.877,0.803,0.73,0.113,0.553,0.935,0.22,0.77,0.988,0.517,0.207,0.382,0.812,0.855,0.217,0.154,0.047,0.575,0.702,0.511,0.918,0.207,0.835,0.983,0.634,0.388,0.826,0.092,0.363,0.943,0.363,0.134,0.679,0.659,0.658,0.381,0.219,0.329,0.583,0.992,0.493,0.059,0.949,0.936,0.444,0.474,0.497,0.521,0.843,0.876,0.189,0.94,0.113,0.633,0.619,0.574,0.235,0.718,0.916,0.199,0.614,0.954,0.982,0.557,0.8,0.219,0.368,0.526,0.483,0.727,0.663,0.65,0.614,0.605,0.365,0.573,0.228,0.307,0.707,0.122,0.089,0.573,0.663,0.679,0.746,0.573,0.275,0.078,0.637,0.799,0.803,0.178,0.841,0.784,0.995,0.383,0.189,0.256]' data-type=\"detect\" data-source=\"http:\/\/patrickmiralles.com\/wp-content\/uploads\/2015\/01\/vivants.mp3\">  <div hidden class=\"feed-dzsap feed-artist-name\"> P Miralles <\/div>  <div hidden class=\"feed-dzsap feed-song-name\"> J' appelle les vivants <\/div>  <div class=\"meta-artist track-meta-for-dzsap\"> <span class=\"the-artist first-line\"><span class=\"first-line-label\" >P Miralles<\/span><\/span><span class=\"the-name the-songname second-line\" >J' appelle les vivants<\/span> <\/div>  <div class=\"menu-description\">  <div class=\"menu-artist-info\"> <span class=\"the-artist\">P Miralles<\/span><span class=\"the-name\">J' appelle les vivants<\/span> <\/div>  <div class=\"menu-item-views\"> <svg class=\"svg-icon\" version=\"1.1\" id=\"Layer_2\" xmlns=\"https:\/\/www.w3.org\/2000\/svg\" xmlns:xlink=\"https:\/\/www.w3.org\/1999\/xlink\" x=\"0px\" y=\"0px\" width=\"11.161px\" height=\"12.817px\" viewBox=\"0 0 11.161 12.817\" enable-background=\"new 0 0 11.161 12.817\" xml:space=\"preserve\"> <g> <g> <g> <path fill=\"#D2D6DB\" d=\"M8.233,4.589c1.401,0.871,2.662,1.77,2.801,1.998c0.139,0.228-1.456,1.371-2.896,2.177l-4.408,2.465 c-1.44,0.805-2.835,1.474-3.101,1.484c-0.266,0.012-0.483-1.938-0.483-3.588V3.666c0-1.65,0.095-3.19,0.212-3.422 c0.116-0.232,1.875,0.613,3.276,1.484L8.233,4.589z\"\/> <\/g> <\/g> <\/g> <\/svg> <span class=\"the-count\">10<\/span> <\/div>  <div class=\"float-right\"> <a rel=\"nofollow\" class=\"btn-zoomsounds-menu menu-facebook-share\"  onclick='window.dzs_open_social_link(\"https:\/\/www.facebook.com\/sharer.php?u={{shareurl}}\",this); return false;'> <i class=\"fa fa-share\" aria-hidden=\"true\"><\/i> <\/a>  <a rel=\"nofollow\" class=\"btn-zoomsounds-menu menu-btn-like \"> <i class=\"fa fa-thumbs-up\" aria-hidden=\"true\"><\/i> <\/a> <\/div>  <\/div>  <\/div>  <div class=\"audioplayer-tobe  playerid-4766 apconfig-default-settings-for-zoomsounds skin-wave button-aspect-noir  skin-wave  ap4766\"  style=\"\" data-posttype=\"dzsap_items\" id=\"ap4766\" data-playerid=\"4766\" data-computed-playerid=\"4766\" data-real-playerid=\"4766\" data-sanitized_source=\"httppatrickmirallescomwpcontentuploads201501LTDCmp3\" data-sample_time_total=\"348\" data-pcm='[0.645,0.2,0.076,0.662,0.108,0.385,0.533,0.187,0.761,0.977,0.046,0.814,0.828,0.753,0.187,0.815,0.542,0.984,0.446,0.745,0.476,0.398,0.278,0.241,0.572,0.816,0.61,0.348,0.057,0.992,0.552,0.646,0.149,0.027,0.232,0.408,0.674,0.5,0.735,0.192,0.702,0.958,0.544,0.114,0.158,0.795,0.551,0.1,0.406,0.014,0.206,0.765,0.307,0.534,0.523,0.3,0.756,0.385,0.992,0.294,0.717,0.788,0.385,0.017,0.528,0.317,0.985,0.425,0.966,0.841,0.81,0.352,0.123,0.884,0.16,0.358,0.563,0.51,0.537,0.191,0.811,0.639,0.065,0.57,0.574,0.105,0.598,0.311,0.167,0.831,0.345,0.583,0.43,0.504,0.757,0.512,0.186,0.54,0.267,0.128,0.026,0.712,0.582,0.734,0.999,0.302,0.403,0.494,0.454,0.683,0.236,0.538,0.054,0.971,0.575,0.444,0.276,0.129,0.027,0.671,0.876,0.69,0.839,0.048,0.266,0.786,0.682,0.636,0.385,0.41,0.068,0.444,0.77,0.576,0.213,0.513,0.479,0.014,0.754,0.842,0.926,0.464,0.025,0.421,0.309,0.822,0.228,0.014,0.807,0.847,0.681,0.743,0.257,0.027,0.077,0.967,0.284,0.848,0.046,0.291,0.499,0.416,0.522,0.375,0.036,0.419,0.427,0.434,0.092,0.963,0.856,0.978,0.208,0.322,0.995,0.761,0.154,0.277,0.772,0.954,0.804,0.014,0.381,0.978,0.579,0.797,0.581,0.03,0.979,0.849,0.891,0.418,0.32,0.732,0.27,0.759,0.919,0.434,0.733,0.431]' data-type=\"detect\" data-source=\"http:\/\/patrickmiralles.com\/wp-content\/uploads\/2015\/01\/LTDC.mp3\">  <div hidden class=\"feed-dzsap feed-artist-name\"> Jean Batiste Cl\u00e9ment <\/div>  <div hidden class=\"feed-dzsap feed-song-name\"> Le temps des cerises \/\/ version punck P Miralles <\/div>  <div class=\"meta-artist track-meta-for-dzsap\"> <span class=\"the-artist first-line\"><span class=\"first-line-label\" >Jean Batiste Cl\u00e9ment<\/span><\/span><span class=\"the-name the-songname second-line\" >Le temps des cerises \/\/ version punck P Miralles<\/span> <\/div>  <div class=\"menu-description\">  <div class=\"menu-artist-info\"> <span class=\"the-artist\">Jean Batiste Cl\u00e9ment<\/span><span class=\"the-name\">Le temps des cerises \/\/ version punck P Miralles<\/span> <\/div>  <div class=\"menu-item-views\"> <svg class=\"svg-icon\" version=\"1.1\" id=\"Layer_2\" xmlns=\"https:\/\/www.w3.org\/2000\/svg\" xmlns:xlink=\"https:\/\/www.w3.org\/1999\/xlink\" x=\"0px\" y=\"0px\" width=\"11.161px\" height=\"12.817px\" viewBox=\"0 0 11.161 12.817\" enable-background=\"new 0 0 11.161 12.817\" xml:space=\"preserve\"> <g> <g> <g> <path fill=\"#D2D6DB\" d=\"M8.233,4.589c1.401,0.871,2.662,1.77,2.801,1.998c0.139,0.228-1.456,1.371-2.896,2.177l-4.408,2.465 c-1.44,0.805-2.835,1.474-3.101,1.484c-0.266,0.012-0.483-1.938-0.483-3.588V3.666c0-1.65,0.095-3.19,0.212-3.422 c0.116-0.232,1.875,0.613,3.276,1.484L8.233,4.589z\"\/> <\/g> <\/g> <\/g> <\/svg> <span class=\"the-count\">12<\/span> <\/div>  <div class=\"float-right\"> <a rel=\"nofollow\" class=\"btn-zoomsounds-menu menu-facebook-share\"  onclick='window.dzs_open_social_link(\"https:\/\/www.facebook.com\/sharer.php?u={{shareurl}}\",this); return false;'> <i class=\"fa fa-share\" aria-hidden=\"true\"><\/i> <\/a>  <a rel=\"nofollow\" class=\"btn-zoomsounds-menu menu-btn-like \"> <i class=\"fa fa-thumbs-up\" aria-hidden=\"true\"><\/i> <\/a> <\/div>  <\/div>  <\/div>  <div class=\"audioplayer-tobe  playerid-4769 apconfig-default-settings-for-zoomsounds skin-wave button-aspect-noir  skin-wave  ap4769\"  style=\"\" data-posttype=\"dzsap_items\" id=\"ap4769\" data-playerid=\"4769\" data-computed-playerid=\"4769\" data-real-playerid=\"4769\" data-sanitized_source=\"httppatrickmirallescomwpcontentuploads201501jauresmp3\" data-sample_time_total=\"224\" data-pcm='[0.435,0.703,0.523,0.328,0.047,0.802,0.216,0.526,0.596,0.33,0.751,0.107,0.815,0.143,0.564,0.835,0.464,0.807,0.002,0.799,0.159,0.627,0.544,0.426,0.565,0.056,0.582,0.551,0.017,0.358,0.721,0.53,0.042,0.222,0.686,0.24,0.439,0.226,0.924,0.144,0.159,0.335,0.696,0.683,0.023,0.427,0.728,0.777,0.796,0.386,0.869,0.181,0.596,0.065,0.116,0.931,0.651,0.217,0.707,0.172,0.831,0.225,0.992,0.124,0.45,0.365,0.922,0.658,0.811,0.458,0.217,0.515,0.926,0.485,0.253,0.683,0.598,0.195,0.449,0.892,0.628,0.527,0.233,0.49,0.941,0.786,0.856,0.958,0.847,0.312,0.14,0.827,0.665,0.113,0.358,0.817,0.096,0.365,0.846,0.984,0.296,0.552,0.798,0.774,0.839,0.251,0.843,0.536,0.702,0.257,0.938,0.293,0.031,0.434,0.535,0.637,0.504,0.932,0.517,0.731,0.597,0.455,0.763,0.19,0.214,0.458,0.875,0.371,0.79,0.111,0.845,0.095,0.508,0.629,0.831,0.247,0.892,0.866,0.936,0.038,0.259,0.857,0.339,0.13,0.476,0.312,0.498,0.178,0.229,0.778,0.899,0.498,0.067,0.838,0.71,0.029,0.167,0.943,0.248,0.565,0.886,0.442,0.625,0.962,0.307,0.355,0.535,0.684,0.592,0.888,0.421,0.418,0.079,0.48,0.193,0.087,0.506,0.068,0.922,0.914,0.284,0.602,0.142,0.362,0.005,0.751,0.271,0.021,0.527,0.979,0.945,0.376,0.744,0.573,0.33,0.722,0.063,0.118,0.45,0.64]' data-type=\"detect\" data-source=\"http:\/\/patrickmiralles.com\/wp-content\/uploads\/2015\/01\/jaures.mp3\">  <div hidden class=\"feed-dzsap feed-artist-name\"> Jacques Brel <\/div>  <div hidden class=\"feed-dzsap feed-song-name\"> Jaur\u00e8s \/\/ adaptation P Miralles <\/div>  <div class=\"meta-artist track-meta-for-dzsap\"> <span class=\"the-artist first-line\"><span class=\"first-line-label\" > Jacques Brel<\/span><\/span><span class=\"the-name the-songname second-line\" >Jaur\u00e8s \/\/ adaptation P Miralles<\/span> <\/div>  <div class=\"menu-description\">  <div class=\"menu-artist-info\"> <span class=\"the-artist\"> Jacques Brel<\/span><span class=\"the-name\">Jaur\u00e8s \/\/ adaptation P Miralles<\/span> <\/div>  <div class=\"menu-item-views\"> <svg class=\"svg-icon\" version=\"1.1\" id=\"Layer_2\" xmlns=\"https:\/\/www.w3.org\/2000\/svg\" xmlns:xlink=\"https:\/\/www.w3.org\/1999\/xlink\" x=\"0px\" y=\"0px\" width=\"11.161px\" height=\"12.817px\" viewBox=\"0 0 11.161 12.817\" enable-background=\"new 0 0 11.161 12.817\" xml:space=\"preserve\"> <g> <g> <g> <path fill=\"#D2D6DB\" d=\"M8.233,4.589c1.401,0.871,2.662,1.77,2.801,1.998c0.139,0.228-1.456,1.371-2.896,2.177l-4.408,2.465 c-1.44,0.805-2.835,1.474-3.101,1.484c-0.266,0.012-0.483-1.938-0.483-3.588V3.666c0-1.65,0.095-3.19,0.212-3.422 c0.116-0.232,1.875,0.613,3.276,1.484L8.233,4.589z\"\/> <\/g> <\/g> <\/g> <\/svg> <span class=\"the-count\">11<\/span> <\/div>  <div class=\"float-right\"> <a rel=\"nofollow\" class=\"btn-zoomsounds-menu menu-facebook-share\"  onclick='window.dzs_open_social_link(\"https:\/\/www.facebook.com\/sharer.php?u={{shareurl}}\",this); return false;'> <i class=\"fa fa-share\" aria-hidden=\"true\"><\/i> <\/a>  <a rel=\"nofollow\" class=\"btn-zoomsounds-menu menu-btn-like \"> <i class=\"fa fa-thumbs-up\" aria-hidden=\"true\"><\/i> <\/a> <\/div>  <\/div>  <\/div>  <\/div>  <\/div>  <\/div>  <\/div>  <\/div>  <\/div>  <\/div>  <\/div> <\/section>\n\t\t\t\t<section class=\"elementor-section elementor-top-section elementor-element elementor-element-8b1b4fd elementor-section-boxed elementor-section-height-default elementor-section-height-default\" data-id=\"8b1b4fd\" data-element_type=\"section\" data-e-type=\"section\"> <div class=\"elementor-container elementor-column-gap-default\">  <div class=\"elementor-column elementor-col-100 elementor-top-column elementor-element elementor-element-86c4a3d\" data-id=\"86c4a3d\" data-element_type=\"column\" data-e-type=\"column\">  <div class=\"elementor-widget-wrap elementor-element-populated\">  <div class=\"elementor-element elementor-element-eecfb96 elementor-widget elementor-widget-text-editor\" data-id=\"eecfb96\" data-element_type=\"widget\" data-e-type=\"widget\" data-widget_type=\"text-editor.default\">  <div class=\"elementor-widget-container\"> <p style=\"text-align: center;\">Extraits de textes de Jean Jaur\u00e8s, voix Mathias Beyler.<\/p> <\/div>  <\/div>  <\/div>  <\/div>  <\/div> <\/section> <\/div> ","protected":false},"excerpt":{"rendered":"<p>Charbons ardents A l\u2019occasion ce l\u2019\u00e9v\u00e8nement \u201cCharbon ardent\u201d, le 6 d\u00e9cembre 2014 \u00e0 la Grand Combe (30), un grand spectacle multi m\u00e9dia a conclu la soir\u00e9e, en hommage \u00e0 Jean Jaur\u00e8s. J\u2019ai \u00e9t\u00e9 charg\u00e9 pour l\u2019occasion de cr\u00e9er la bande son qui accompagnait une projection d\u2019images sur les murs de la ville par la compagnie&#8230;<\/p>\n","protected":false},"author":1,"featured_media":0,"parent":0,"menu_order":0,"comment_status":"closed","ping_status":"closed","template":"","meta":{"_stopmodifiedupdate":false,"_modified_date":"","site-sidebar-layout":"no-sidebar","site-content-layout":"page-builder","ast-site-content-layout":"default","site-content-style":"default","site-sidebar-style":"default","ast-global-header-display":"","ast-banner-title-visibility":"","ast-main-header-display":"","ast-hfb-above-header-display":"","ast-hfb-below-header-display":"","ast-hfb-mobile-header-display":"","site-post-title":"disabled","ast-breadcrumbs-content":"","ast-featured-img":"","footer-sml-layout":"","theme-transparent-header-meta":"default","adv-header-id-meta":"","stick-header-meta":"","header-above-stick-meta":"","header-main-stick-meta":"","header-below-stick-meta":"","astra-migrate-meta-layouts":"default","ast-page-background-enabled":"default","ast-page-background-meta":{"desktop":{"background-color":"","background-image":"","background-repeat":"repeat","background-position":"center center","background-size":"auto","background-attachment":"scroll","background-type":"","background-media":"","overlay-type":"","overlay-color":"","overlay-opacity":"","overlay-gradient":""},"tablet":{"background-color":"","background-image":"","background-repeat":"repeat","background-position":"center center","background-size":"auto","background-attachment":"scroll","background-type":"","background-media":"","overlay-type":"","overlay-color":"","overlay-opacity":"","overlay-gradient":""},"mobile":{"background-color":"","background-image":"","background-repeat":"repeat","background-position":"center center","background-size":"auto","background-attachment":"scroll","background-type":"","background-media":"","overlay-type":"","overlay-color":"","overlay-opacity":"","overlay-gradient":""}},"ast-content-background-meta":{"desktop":{"background-color":"var(--ast-global-color-5)","background-image":"","background-repeat":"repeat","background-position":"center center","background-size":"auto","background-attachment":"scroll","background-type":"","background-media":"","overlay-type":"","overlay-color":"","overlay-opacity":"","overlay-gradient":""},"tablet":{"background-color":"var(--ast-global-color-5)","background-image":"","background-repeat":"repeat","background-position":"center center","background-size":"auto","background-attachment":"scroll","background-type":"","background-media":"","overlay-type":"","overlay-color":"","overlay-opacity":"","overlay-gradient":""},"mobile":{"background-color":"var(--ast-global-color-5)","background-image":"","background-repeat":"repeat","background-position":"center center","background-size":"auto","background-attachment":"scroll","background-type":"","background-media":"","overlay-type":"","overlay-color":"","overlay-opacity":"","overlay-gradient":""}},"footnotes":""},"class_list":["post-325","page","type-page","status-publish","hentry"],"_links":{"self":[{"href":"https:\/\/patrickmiralles.com\/index.php?rest_route=\/wp\/v2\/pages\/325","targetHints":{"allow":["GET"]}}],"collection":[{"href":"https:\/\/patrickmiralles.com\/index.php?rest_route=\/wp\/v2\/pages"}],"about":[{"href":"https:\/\/patrickmiralles.com\/index.php?rest_route=\/wp\/v2\/types\/page"}],"author":[{"embeddable":true,"href":"https:\/\/patrickmiralles.com\/index.php?rest_route=\/wp\/v2\/users\/1"}],"replies":[{"embeddable":true,"href":"https:\/\/patrickmiralles.com\/index.php?rest_route=%2Fwp%2Fv2%2Fcomments&post=325"}],"version-history":[{"count":46,"href":"https:\/\/patrickmiralles.com\/index.php?rest_route=\/wp\/v2\/pages\/325\/revisions"}],"predecessor-version":[{"id":7766,"href":"https:\/\/patrickmiralles.com\/index.php?rest_route=\/wp\/v2\/pages\/325\/revisions\/7766"}],"wp:attachment":[{"href":"https:\/\/patrickmiralles.com\/index.php?rest_route=%2Fwp%2Fv2%2Fmedia&parent=325"}],"curies":[{"name":"wp","href":"https:\/\/api.w.org\/{rel}","templated":true}]}}