
{"id":23,"date":"2014-05-06T18:27:43","date_gmt":"2014-05-06T16:27:43","guid":{"rendered":"http:\/\/patrickmiralles.com\/?page_id=23"},"modified":"2021-02-19T07:59:00","modified_gmt":"2021-02-19T06:59:00","slug":"page-parente","status":"publish","type":"page","link":"https:\/\/patrickmiralles.com\/?page_id=23","title":{"rendered":"Ar\u00e8nes"},"content":{"rendered":" <div data-elementor-type=\"wp-page\" data-elementor-id=\"23\" class=\"elementor elementor-23\"> <section class=\"elementor-section elementor-top-section elementor-element elementor-element-e6db6de elementor-section-boxed elementor-section-height-default elementor-section-height-default\" data-id=\"e6db6de\" data-element_type=\"section\" data-e-type=\"section\"> <div class=\"elementor-container elementor-column-gap-default\">  <div class=\"elementor-column elementor-col-100 elementor-top-column elementor-element elementor-element-13b38fb\" data-id=\"13b38fb\" data-element_type=\"column\" data-e-type=\"column\">  <div class=\"elementor-widget-wrap elementor-element-populated\">  <div class=\"elementor-element elementor-element-a84b17e elementor-widget elementor-widget-heading\" data-id=\"a84b17e\" data-element_type=\"widget\" data-e-type=\"widget\" data-widget_type=\"heading.default\">  <div class=\"elementor-widget-container\"> <h3 class=\"elementor-heading-title elementor-size-default\">Ar\u00e8nes<\/h3> <\/div>  <\/div>  <\/div>  <\/div>  <\/div> <\/section>\n\t\t\t\t<section class=\"elementor-section elementor-top-section elementor-element elementor-element-752e9c78 elementor-section-boxed elementor-section-height-default elementor-section-height-default\" data-id=\"752e9c78\" data-element_type=\"section\" data-e-type=\"section\"> <div class=\"elementor-container elementor-column-gap-default\">  <div class=\"elementor-column elementor-col-100 elementor-top-column elementor-element elementor-element-7fd22112\" data-id=\"7fd22112\" data-element_type=\"column\" data-e-type=\"column\">  <div class=\"elementor-widget-wrap elementor-element-populated\">  <div class=\"elementor-element elementor-element-de41f3f elementor-widget elementor-widget-text-editor\" data-id=\"de41f3f\" data-element_type=\"widget\" data-e-type=\"widget\" data-widget_type=\"text-editor.default\">  <div class=\"elementor-widget-container\"> <p><img decoding=\"async\" class=\"alignleft wp-image-77\" src=\"http:\/\/patrickmiralles.com\/wp-content\/uploads\/2014\/05\/Arenes.jpg\" alt=\"Arenes\" width=\"200\" height=\"200\" srcset=\"https:\/\/patrickmiralles.com\/wp-content\/uploads\/2014\/05\/Arenes.jpg 270w, https:\/\/patrickmiralles.com\/wp-content\/uploads\/2014\/05\/Arenes-150x150.jpg 150w\" sizes=\"(max-width: 200px) 100vw, 200px\" \/>Mes compositions figurant dans le disque \u00ab\u00a0Ar\u00e8nes\u00a0\u00bb. J&rsquo;ai mis les titres originaux des morceaux, rebaptis\u00e9s pour l&rsquo;occasion afin d&rsquo; \u00eatre plus raccord avec le th\u00e8me\u00a0 qui se voulait un hommage \u00e0 la course camarguaise. On a aussi rajout\u00e9 des couleurs \u00ab\u00a0proven\u00e7ales\u00a0\u00bb avec le hautbois languedocien et le tambour proven\u00e7al. A l&rsquo;origine ces morceaux avaient une orientation un peu plus cirque, la girafe a \u00e9t\u00e9 compos\u00e9e pour \u00eatre chant\u00e9e par des enfants, mais c&rsquo;est une autre histoire.<\/p> <\/div>  <\/div>  <\/div>  <\/div>  <\/div> <\/section>\n\t\t\t\t<section class=\"elementor-section elementor-top-section elementor-element elementor-element-97bc68a elementor-section-boxed elementor-section-height-default elementor-section-height-default\" data-id=\"97bc68a\" data-element_type=\"section\" data-e-type=\"section\"> <div class=\"elementor-container elementor-column-gap-default\">  <div class=\"elementor-column elementor-col-100 elementor-top-column elementor-element elementor-element-b3d05b2\" data-id=\"b3d05b2\" data-element_type=\"column\" data-e-type=\"column\">  <div class=\"elementor-widget-wrap elementor-element-populated\">  <div class=\"elementor-element elementor-element-f1e077f elementor-widget elementor-widget-shortcode\" data-id=\"f1e077f\" data-element_type=\"widget\" data-e-type=\"widget\" data-widget_type=\"shortcode.default\">  <div class=\"elementor-widget-container\">  <div class=\"elementor-shortcode\">  <div   id=\"ag1\" class=\"audiogallery ag_slug_arenes auto-init skin-aura id_58 \" style=\"background-color:;\" data-options='{\"design_skin\":\"skin-aura\",\"settings_ap\":\"default-settings-for-zoomsounds\",\"settings_mode\":\"mode-normal\",\"navigation_method\":\"legacyscroll\",\"settings_mode_showall_show_number\":\"off\",\"mode_showall_layout\":\"\",\"design_menu_height\":\"auto\"}'>  <div class=\"items\">  <div class=\"audioplayer-tobe  playerid-4977 apconfig-default-settings-for-zoomsounds skin-wave button-aspect-noir  skin-wave  ap4977\"  style=\"\" data-posttype=\"dzsap_items\" id=\"ap4977\" data-playerid=\"4977\" data-computed-playerid=\"4977\" data-real-playerid=\"4977\" data-sanitized_source=\"httppatrickmirallescomwpcontentuploads201405tarentelledusoir1mp3\" data-sample_time_total=\"155\" data-pcm='[0.06,0.11,0.07,0.03,0.11,0.43,0.05,0.04,0.49,0.09,0.08,0.05,0.28,0.03,0.1,0.07,0.12,0.24,0.17,0.22,0.15,0.09,0.04,0.13,0.03,0.11,0.29,0.04,0.06,0.08,0.14,0.11,0.07,0.13,0.1,0.09,0.05,0.17,0.11,0.08,0.13,0.03,0.07,0.08,0.16,0.05,0.14,0.05,0.14,0.04,0.12,0.11,0.15,0.14,0.1,0.16,0.2,0.17,0.08,0.13,0.27,0.11,0.15,0.05,0.33,0.09,0.2,0.06,0.24,0.15,0.07,0.17,0.13,0.1,0.04,0.1,0.1,0.13,0.15,0.09,0.14,0.07,0.08,0.21,0.15,0.16,0.4,0.1,0.26,0.06,0.08,0.37,0.14,0.12,0.16,0.1,0.14,0.07,0.26,0.04,0.17,0.06,0.27,0.2,0.11,0.09,0.35,0.14,0.38,0.1,0.16,0.12,0.29,0.1,0.15,0.06,0.38,0.16,0.11,0.14,0.11,0.09,0.11,0.16,0.2,0.1,0.11,0.12,0.07,0.16,0.14,0.08,0.15,0.17,0.11,0.19,0.23,0.18,0.26,0.09,0.16,0.2,0.13,0.21,0.15,0.16,0.1,0.24,0.13,0.23,0.08,0.23,0.18,0.1,0.2,0.23,0.08,0.13,0.23,0.09,0.16,0.29,0.1,0.14,0.1,0.07,0.07,0.12,0.09,0.41,0.11,0.09,0.21,0.22,0.06,0.21,0.14,0.11,0.13,0.1,0.07,0.16,0.09,0.14,0.36,0.08,0.25,0.15,0.07,0.12,0.08,0.17,0.17,0.19,0.15,0.11,0.18,0.06,0.2,0.16,0.07,0.11,0.16,0.29,0.14,0.27,0.09,0.34,0.04,0.08,0.06,0.29,0.04,0.14,0.17,0.16,0.12,0.24,0.07,0.18,0.11,0.32,0.11,0.15,0.17,0.09,0.13,0.28,0.07,0.32,0.3,0.07,0.06,0.18,0.06,0.17,0.18,0.15,0.09,0.06,0.24,0.07,0.11,0.22,0.12,0.09,0.16,0.05,0.08,0.08,0.1,0.09,0.06,0.1,0.17,0.17,0.08,0.39,0.12,0.41,0.23,0.11,0.11,0.16,0.23,0.14,0.22,0.11,0.17,0.21,0.18,0.06,0.03,0.16,0.35,0.19,0.06,0.15,0.09,0.14,0.09,0.08,0.1,0.13,0.13,0.12,0.12,0.11,0.07,0.1,0.23,0.08,0.06,0.18,0.14,0.12,0.12,0.38,0.1,0.13,0.16,0.12,0.1,0.19,0.37,0.1,0.35,0.2,0.09,0.36,0.1,0.09,0.09,0.16,0.09,0.15,0.27,0.12,0.17,0.16,0.11,0.13,0.18,0.38,0.09,0.14,0.21,0.26,0.24,0.21,0.19,0.13,0.2,0.09,0.13,0.09,0.13,0.09,0.18,0.13,0.08,0.19,0.11,0.16,0.31,0.18,0.27,0.15,0.17,0.08,0.32,0.07,0.18,0.17,0.3,0.2,0.19,0.26,0.16,0.14,0.25,0.16,0.19,0.2,0.16,0.17,0.2,0.18,0.09,0.1,0.3,0.1,0.21,0.12,0.17,0.12,0.11,0.14,0.13,0.27,0.15,0.15,0.42,0.14,0.11,0.13,0.24,0.16,0.14,0.15,0.19,0.17,0.38,0.12,0.03,0.03,0.01,0,0,0]' data-type=\"detect\" data-source=\"http:\/\/patrickmiralles.com\/wp-content\/uploads\/2014\/05\/tarentelle-du-soir1.mp3\">  <div hidden class=\"feed-dzsap feed-artist-name\"> P Miralles <\/div>  <div hidden class=\"feed-dzsap feed-song-name\"> Tarentelle du soir <\/div>  <div class=\"meta-artist track-meta-for-dzsap\"> <span class=\"the-artist first-line\"><span class=\"first-line-label\" >P Miralles<\/span><\/span><span class=\"the-name the-songname second-line\" >Tarentelle du soir<\/span> <\/div>  <div class=\"menu-description\">  <div class=\"menu-artist-info\"> <span class=\"the-artist\">P Miralles<\/span><span class=\"the-name\">Tarentelle du soir<\/span> <\/div>  <div class=\"menu-item-views\"> <svg class=\"svg-icon\" version=\"1.1\" id=\"Layer_2\" xmlns=\"https:\/\/www.w3.org\/2000\/svg\" xmlns:xlink=\"https:\/\/www.w3.org\/1999\/xlink\" x=\"0px\" y=\"0px\" width=\"11.161px\" height=\"12.817px\" viewBox=\"0 0 11.161 12.817\" enable-background=\"new 0 0 11.161 12.817\" xml:space=\"preserve\"> <g> <g> <g> <path fill=\"#D2D6DB\" d=\"M8.233,4.589c1.401,0.871,2.662,1.77,2.801,1.998c0.139,0.228-1.456,1.371-2.896,2.177l-4.408,2.465 c-1.44,0.805-2.835,1.474-3.101,1.484c-0.266,0.012-0.483-1.938-0.483-3.588V3.666c0-1.65,0.095-3.19,0.212-3.422 c0.116-0.232,1.875,0.613,3.276,1.484L8.233,4.589z\"\/> <\/g> <\/g> <\/g> <\/svg> <span class=\"the-count\">7<\/span> <\/div>  <div class=\"float-right\"> <a rel=\"nofollow\" class=\"btn-zoomsounds-menu menu-facebook-share\"  onclick='window.dzs_open_social_link(\"https:\/\/www.facebook.com\/sharer.php?u={{shareurl}}\",this); return false;'> <i class=\"fa fa-share\" aria-hidden=\"true\"><\/i> <\/a>  <a rel=\"nofollow\" class=\"btn-zoomsounds-menu menu-btn-like \"> <i class=\"fa fa-thumbs-up\" aria-hidden=\"true\"><\/i> <\/a> <\/div>  <\/div>  <\/div>  <div class=\"audioplayer-tobe  playerid-4978 apconfig-default-settings-for-zoomsounds skin-wave button-aspect-noir  skin-wave  ap4978\"  style=\"\" data-posttype=\"dzsap_items\" id=\"ap4978\" data-playerid=\"4978\" data-computed-playerid=\"4978\" data-real-playerid=\"4978\" data-sanitized_source=\"httppatrickmirallescomwpcontentuploads201405pasodutoutmp3\" data-sample_time_total=\"192\" data-pcm='[0.19,0.32,0.19,0.16,0.27,0.12,0.73,0.28,0.35,0.58,0.3,0.2,0.12,0.33,0.12,0.13,0.31,0.24,0.32,0.2,0.33,0.14,0.26,0.17,0.24,0.17,0.41,0.33,0.39,0.14,0.23,0.14,0.63,0.25,0.5,0.11,0.18,0.14,0.12,0.11,0.47,0.22,0.15,0.13,0.22,0.32,0.24,0.22,0.34,0.14,0.2,0.24,0.14,0.18,0.34,0.62,0.41,0.12,0.33,0.25,0.48,0.17,0.34,0.26,0.42,0.39,0.64,0.14,0.42,0.37,0.19,0.2,0.22,0.73,0.35,0.44,0.38,0.15,0.49,0.18,0.35,0.1,0.29,0.18,0.22,0.34,0.28,0.11,0.28,0.17,0.19,0.08,0.16,0.16,0.13,0.22,0.16,0.13,0.27,0.3,0.25,0.17,0.14,0.27,0.42,0.12,0.57,0.52,0.21,0.24,0.18,0.18,0.13,0.77,0.23,0.21,0.16,0.23,0.28,0.44,0.26,0.29,0.2,0.27,0.35,0.28,0.43,0.23,0.47,0.2,0.27,0.12,0.17,0.23,0.24,0.26,0.14,0.22,0.18,0.35,0.17,0.06,0.29,0.14,0.24,0.22,0.1,0.26,0.36,0.22,0.57,0.38,0.55,0.51,0.29,0.39,0.3,0.35,0.39,0.27,0.28,0.3,0.37,0.26,0.26,0.49,0.25,0.4,0.18,0.16,0.35,0.15,0.14,0.17,0.28,0.41,0.42,0.36,0.29,0.28,0.13,0.32,0.13,0.33,0.11,0.06,0.02,0.22,0.09,0.28,0.37,0.2,0.4,0.12,0.2,0.27,0.43,0.22,0.18,0.14,0.66,0.33,0.28,0.13,0.26,0.12,0.28,0.21,0.32,0.17,0.32,0.25,0.31,0.06,0.16,0.27,0.21,0.2,0.18,0.26,0.24,0.12,0.17,0.07,0.1,0.3,0.21,0.44,0.35,0.63,0.44,0.36,0.22,0.22,0.28,0.1,0.25,0.1,0.15,0.23,0.2,0.31,0.4,0.23,0.29,0.45,0.32,0.19,0.34,0.38,0.35,0.07,0.43,0.27,0.3,0.49,0.28,0.42,0.3,0.17,0.36,0.42,0.59,0.23,0.12,0.5,0.34,0.28,0.27,0.1,0.13,0.36,0.2,0.34,0.22,0.22,0.46,0.13,0.3,0.25,0.17,0.42,0.28,0.69,0.17,0.22,0.17,0.25,0.29,0.19,0.46,0.06,0.38,0.22,0.15,0.14,0.43,0.14,0.2,0.32,0.52,0.16,0.33,0.1,0.24,0.22,0.64,0.29,0.17,0.22,0.39,0.47,0.77,0.41,0.51,0.37,0.12,0.33,0.72,0.62,0.56,0.38,0.29,0.08,0.2,0.17,0.21,0.47,0.2,0.18,0.37,0.26,0.3,0.33,0.17,0.26,0.6,0.22,0.56,0.22,0.43,0.38,0.37,0.54,0.49,0.61,0.24,0.43,0.31,0.3,0.23,0.56,0.08,0.22,0.41,0.24,0.34,0.61,0.12,0.39,0.23,0.58,0.24,0.26,0.27,0.11,0.06,0.53,0.09,0.14,0.23,0.28,0.21,0.24,0.16,0.38,0.37,0.39,0.21,0.33,0.2,0.28,0.39,0.23,0.55,0.56,0.14,0.34,0.38,0.23,0.35,0.17,0.24,0.23,0.42,0.17,0.05,0.02,0,0]' data-type=\"detect\" data-source=\"http:\/\/patrickmiralles.com\/wp-content\/uploads\/2014\/05\/paso-du-tout.mp3\">  <div hidden class=\"feed-dzsap feed-artist-name\"> P Miralles <\/div>  <div hidden class=\"feed-dzsap feed-song-name\"> Paso du tout (L\u2019ap\u00e9ritif dansant) <\/div>  <div class=\"meta-artist track-meta-for-dzsap\"> <span class=\"the-artist first-line\"><span class=\"first-line-label\" >P Miralles<\/span><\/span><span class=\"the-name the-songname second-line\" >Paso du tout (L\u2019ap\u00e9ritif dansant)<\/span> <\/div>  <div class=\"menu-description\">  <div class=\"menu-artist-info\"> <span class=\"the-artist\">P Miralles<\/span><span class=\"the-name\">Paso du tout (L\u2019ap\u00e9ritif dansant)<\/span> <\/div>  <div class=\"menu-item-views\"> <svg class=\"svg-icon\" version=\"1.1\" id=\"Layer_2\" xmlns=\"https:\/\/www.w3.org\/2000\/svg\" xmlns:xlink=\"https:\/\/www.w3.org\/1999\/xlink\" x=\"0px\" y=\"0px\" width=\"11.161px\" height=\"12.817px\" viewBox=\"0 0 11.161 12.817\" enable-background=\"new 0 0 11.161 12.817\" xml:space=\"preserve\"> <g> <g> <g> <path fill=\"#D2D6DB\" d=\"M8.233,4.589c1.401,0.871,2.662,1.77,2.801,1.998c0.139,0.228-1.456,1.371-2.896,2.177l-4.408,2.465 c-1.44,0.805-2.835,1.474-3.101,1.484c-0.266,0.012-0.483-1.938-0.483-3.588V3.666c0-1.65,0.095-3.19,0.212-3.422 c0.116-0.232,1.875,0.613,3.276,1.484L8.233,4.589z\"\/> <\/g> <\/g> <\/g> <\/svg> <span class=\"the-count\">12<\/span> <\/div>  <div class=\"float-right\"> <a rel=\"nofollow\" class=\"btn-zoomsounds-menu menu-facebook-share\"  onclick='window.dzs_open_social_link(\"https:\/\/www.facebook.com\/sharer.php?u={{shareurl}}\",this); return false;'> <i class=\"fa fa-share\" aria-hidden=\"true\"><\/i> <\/a>  <a rel=\"nofollow\" class=\"btn-zoomsounds-menu menu-btn-like \"> <i class=\"fa fa-thumbs-up\" aria-hidden=\"true\"><\/i> <\/a> <\/div>  <\/div>  <\/div>  <div class=\"audioplayer-tobe  playerid-4979 apconfig-default-settings-for-zoomsounds skin-wave button-aspect-noir  skin-wave  ap4979\"  style=\"\" data-posttype=\"dzsap_items\" id=\"ap4979\" data-playerid=\"4979\" data-computed-playerid=\"4979\" data-real-playerid=\"4979\" data-sanitized_source=\"httppatrickmirallescomwpcontentuploads201405ouiouiouimp3\" data-sample_time_total=\"183\" data-pcm='[0.14,0.1,0.1,0.13,0.22,0.08,0.09,0.3,0.31,0.18,0.21,0.08,0.19,0.21,0.04,0.2,0.43,0.13,0.16,0.25,0.37,0.16,0.14,0.41,0.29,0.14,0.2,0.04,0.14,0.15,0.13,0.11,0.09,0.08,0.22,0.06,0.13,0.16,0.08,0.37,0.12,0.38,0.3,0.35,0.32,0.19,0.08,0.09,0.29,0.1,0.16,0.34,0.38,0.27,0.26,0.32,0.07,0.11,0.15,0.07,0.08,0.08,0.12,0.08,0.32,0.24,0.1,0.14,0.22,0.08,0.15,0.27,0.11,0.37,0.31,0.34,0.14,0.25,0.16,0.14,0.24,0.08,0.06,0.19,0.17,0.02,0.21,0.18,0.15,0.37,0.39,0.18,0.37,0.07,0.18,0.07,0.4,0.37,0.16,0.28,0.28,0.21,0.48,0.43,0.07,0.41,0.14,0.13,0.1,0.2,0.22,0.11,0.28,0.33,0.19,0.15,0.31,0.06,0.17,0.12,0.08,0.46,0.11,0.03,0.1,0.21,0.21,0.25,0.38,0.37,0.33,0.23,0.09,0.43,0.39,0.32,0.22,0.02,0.16,0.23,0.18,0.05,0.22,0.23,0.26,0.17,0.04,0.29,0.1,0.2,0.54,0.13,0.38,0.41,0.35,0.18,0.22,0.06,0.21,0.3,0.18,0.2,0.19,0.1,0.08,0.18,0.15,0.38,0.13,0.5,0.07,0.39,0.38,0.23,0.24,0.14,0.08,0.23,0.19,0.15,0.15,0.12,0.44,0.16,0.42,0.52,0.12,0.3,0.1,0.24,0.2,0.24,0.17,0.23,0.16,0.14,0.27,0.13,0.42,0.08,0.1,0.27,0.2,0.09,0.12,0.25,0.35,0.3,0.22,0.12,0.07,0.49,0.17,0.34,0.13,0.21,0.12,0.08,0.11,0.32,0.15,0.24,0.25,0.11,0.31,0.08,0.15,0.19,0.44,0.18,0.27,0.22,0.09,0.26,0.13,0.41,0.18,0.19,0.14,0.22,0.22,0.34,0.08,0.27,0.23,0.23,0.07,0.33,0.11,0.26,0.51,0.11,0.12,0.2,0.09,0.24,0.36,0.21,0.18,0.19,0.22,0.17,0.2,0.23,0.37,0.25,0.1,0.29,0.28,0.18,0.21,0.19,0.24,0.22,0.07,0.11,0.1,0.37,0.18,0.05,0.45,0.49,0.26,0.29,0.14,0.11,0.23,0.19,0.14,0.02,0.21,0.14,0.25,0.15,0.04,0.28,0.32,0.13,0.43,0.43,0.12,0.4,0.05,0.12,0.08,0.29,0.06,0.13,0.19,0.34,0.15,0.27,0.26,0.32,0.4,0.31,0.36,0.22,0.05,0.29,0.41,0.15,0.36,0.07,0.49,0.23,0.13,0.13,0.35,0.41,0.14,0.15,0.14,0.12,0.32,0.11,0.36,0.21,0.17,0.13,0.1,0.22,0.29,0.12,0.23,0.17,0.15,0.12,0.18,0.15,0.37,0.16,0.03,0.25,0.35,0.14,0.19,0.16,0.4,0.24,0.2,0.38,0.36,0.45,0.37,0.07,0.11,0.17,0.12,0.08,0.2,0.17,0.09,0.07,0.24,0.1,0.13,0.25,0.37,0.06,0.02,0.3,0.11,0.44,0.08,0.08,0.27,0.23,0.49,0.24,0.18,0.3,0.13,0.02,0,0.02,0.02,0.01,0,0]' data-type=\"shoutcast\" data-source=\"http:\/\/patrickmiralles.com\/wp-content\/uploads\/2014\/05\/oui-oui-oui.mp3\">  <div hidden class=\"feed-dzsap feed-artist-name\"> P Miralles <\/div>  <div hidden class=\"feed-dzsap feed-song-name\"> Oui oui oui (Le d\u00e9jeuner aux pr\u00e8s) <\/div>  <div class=\"meta-artist track-meta-for-dzsap\"> <span class=\"the-artist first-line\"><span class=\"first-line-label\" >P Miralles<\/span><\/span><span class=\"the-name the-songname second-line\" >Oui oui oui (Le d\u00e9jeuner aux pr\u00e8s)<\/span> <\/div>  <div class=\"menu-description\">  <div class=\"menu-artist-info\"> <span class=\"the-artist\">P Miralles<\/span><span class=\"the-name\">Oui oui oui (Le d\u00e9jeuner aux pr\u00e8s)<\/span> <\/div>  <div class=\"menu-item-views\"> <svg class=\"svg-icon\" version=\"1.1\" id=\"Layer_2\" xmlns=\"https:\/\/www.w3.org\/2000\/svg\" xmlns:xlink=\"https:\/\/www.w3.org\/1999\/xlink\" x=\"0px\" y=\"0px\" width=\"11.161px\" height=\"12.817px\" viewBox=\"0 0 11.161 12.817\" enable-background=\"new 0 0 11.161 12.817\" xml:space=\"preserve\"> <g> <g> <g> <path fill=\"#D2D6DB\" d=\"M8.233,4.589c1.401,0.871,2.662,1.77,2.801,1.998c0.139,0.228-1.456,1.371-2.896,2.177l-4.408,2.465 c-1.44,0.805-2.835,1.474-3.101,1.484c-0.266,0.012-0.483-1.938-0.483-3.588V3.666c0-1.65,0.095-3.19,0.212-3.422 c0.116-0.232,1.875,0.613,3.276,1.484L8.233,4.589z\"\/> <\/g> <\/g> <\/g> <\/svg> <span class=\"the-count\">8<\/span> <\/div>  <div class=\"float-right\"> <a rel=\"nofollow\" class=\"btn-zoomsounds-menu menu-facebook-share\"  onclick='window.dzs_open_social_link(\"https:\/\/www.facebook.com\/sharer.php?u={{shareurl}}\",this); return false;'> <i class=\"fa fa-share\" aria-hidden=\"true\"><\/i> <\/a>  <a rel=\"nofollow\" class=\"btn-zoomsounds-menu menu-btn-like \"> <i class=\"fa fa-thumbs-up\" aria-hidden=\"true\"><\/i> <\/a> <\/div>  <\/div>  <\/div>  <div class=\"audioplayer-tobe  playerid-4980 apconfig-default-settings-for-zoomsounds skin-wave button-aspect-noir  skin-wave  ap4980\"  style=\"\" data-posttype=\"dzsap_items\" id=\"ap4980\" data-playerid=\"4980\" data-computed-playerid=\"4980\" data-real-playerid=\"4980\" data-sanitized_source=\"httppatrickmirallescomwpcontentuploads201405lagirafemp3\" data-sample_time_total=\"137\" data-pcm='[0.31,0.13,0.09,0.07,0.08,0.21,0.01,0.11,0.1,0.01,0.04,0.15,0.25,0.28,0.17,0.07,0.15,0.1,0.08,0.17,0.06,0.1,0.21,0.15,0.12,0.18,0.25,0.07,0.26,0.09,0.06,0.22,0.4,0.18,0.26,0.09,0.18,0.19,0.04,0.03,0.14,0.16,0.05,0.07,0.13,0.04,0.09,0.08,0.15,0.15,0.13,0.15,0.15,0.29,0.14,0.04,0.05,0.04,0.24,0.13,0.17,0.42,0.18,0.09,0.13,0.07,0.09,0.16,0.11,0.15,0.35,0.09,0.03,0.11,0.16,0.1,0.09,0.39,0.04,0.28,0.16,0.18,0.13,0.16,0.19,0.04,0.06,0.26,0.16,0.15,0.06,0.04,0.06,0.37,0.2,0.18,0.08,0.11,0.04,0.03,0.28,0.22,0.11,0.16,0.05,0.06,0.01,0.29,0.24,0.2,0.27,0.1,0.17,0.2,0.24,0.14,0.16,0.24,0.23,0.26,0.2,0.29,0.14,0.15,0.17,0.23,0.08,0.09,0.16,0.4,0.09,0.22,0.19,0.18,0.2,0.39,0.29,0.19,0.16,0.09,0.18,0.35,0.18,0.32,0.17,0.29,0.29,0.18,0.12,0.29,0.2,0.25,0.1,0.39,0.19,0.08,0.26,0.13,0.42,0.06,0.16,0.11,0.14,0.09,0.11,0.22,0.18,0.21,0.2,0.12,0.19,0.06,0.21,0.03,0.18,0.24,0.32,0.01,0.3,0.21,0.09,0.21,0.29,0.29,0.25,0.28,0.28,0.14,0.1,0.22,0.05,0.21,0.13,0.27,0.14,0.25,0.15,0.32,0.25,0.16,0.13,0.12,0.02,0.19,0.22,0.32,0.12,0.19,0.15,0.16,0.23,0.12,0.19,0.18,0.2,0.12,0.18,0.16,0.26,0.08,0.12,0.18,0.09,0.22,0.18,0.08,0.3,0.23,0.19,0.24,0.23,0.25,0.14,0.33,0.25,0.16,0.13,0.06,0.22,0.12,0.16,0.21,0.26,0.32,0.14,0.31,0.24,0.24,0.13,0.3,0.12,0.08,0.23,0.18,0.33,0.21,0.25,0.33,0.16,0.17,0.19,0.27,0.18,0.11,0.25,0.1,0.2,0.18,0.3,0.47,0.19,0.2,0.46,0.23,0.27,0.29,0.17,0.11,0.18,0.12,0.22,0.19,0.21,0.17,0.14,0.18,0.22,0.28,0.31,0.12,0.15,0.36,0.16,0.2,0.16,0.2,0.12,0.29,0.17,0.32,0.32,0.39,0.08,0.23,0.16,0.21,0.17,0.09,0.2,0.27,0.4,0.38,0.19,0.14,0.18,0.11,0.18,0.26,0.22,0.1,0.17,0.17,0.13,0.33,0.25,0.3,0.43,0.14,0.11,0.2,0.35,0.17,0.16,0.19,0.33,0.3,0.22,0.08,0.19,0.16,0.15,0.2,0.29,0.17,0.22,0.3,0.19,0.25,0.21,0.42,0.29,0.09,0.27,0.25,0.06,0.25,0.17,0.44,0.31,0.2,0.21,0.27,0.42,0.37,0.1,0.28,0.17,0.07,0.16,0.04,0.28,0.26,0.08,0.2,0.06,0.38,0.16,0.38,0.21,0.2,0.2,0.14,0.12,0.14,0.2,0.2,0.3,0.26,0.19,0.2,0.15,0.11,0.1,0.13,0.09,0.04,0,0,0,0]' data-type=\"shoutcast\" data-source=\"http:\/\/patrickmiralles.com\/wp-content\/uploads\/2014\/05\/la-girafe.mp3\">  <div hidden class=\"feed-dzsap feed-artist-name\"> P Miralles <\/div>  <div hidden class=\"feed-dzsap feed-song-name\"> la girafe <\/div>  <div class=\"meta-artist track-meta-for-dzsap\"> <span class=\"the-artist first-line\"><span class=\"first-line-label\" >P Miralles<\/span><\/span><span class=\"the-name the-songname second-line\" >la girafe<\/span> <\/div>  <div class=\"menu-description\">  <div class=\"menu-artist-info\"> <span class=\"the-artist\">P Miralles<\/span><span class=\"the-name\">la girafe<\/span> <\/div>  <div class=\"menu-item-views\"> <svg class=\"svg-icon\" version=\"1.1\" id=\"Layer_2\" xmlns=\"https:\/\/www.w3.org\/2000\/svg\" xmlns:xlink=\"https:\/\/www.w3.org\/1999\/xlink\" x=\"0px\" y=\"0px\" width=\"11.161px\" height=\"12.817px\" viewBox=\"0 0 11.161 12.817\" enable-background=\"new 0 0 11.161 12.817\" xml:space=\"preserve\"> <g> <g> <g> <path fill=\"#D2D6DB\" d=\"M8.233,4.589c1.401,0.871,2.662,1.77,2.801,1.998c0.139,0.228-1.456,1.371-2.896,2.177l-4.408,2.465 c-1.44,0.805-2.835,1.474-3.101,1.484c-0.266,0.012-0.483-1.938-0.483-3.588V3.666c0-1.65,0.095-3.19,0.212-3.422 c0.116-0.232,1.875,0.613,3.276,1.484L8.233,4.589z\"\/> <\/g> <\/g> <\/g> <\/svg> <span class=\"the-count\">6<\/span> <\/div>  <div class=\"float-right\"> <a rel=\"nofollow\" class=\"btn-zoomsounds-menu menu-facebook-share\"  onclick='window.dzs_open_social_link(\"https:\/\/www.facebook.com\/sharer.php?u={{shareurl}}\",this); return false;'> <i class=\"fa fa-share\" aria-hidden=\"true\"><\/i> <\/a>  <a rel=\"nofollow\" class=\"btn-zoomsounds-menu menu-btn-like \"> <i class=\"fa fa-thumbs-up\" aria-hidden=\"true\"><\/i> <\/a> <\/div>  <\/div>  <\/div>  <\/div>  <\/div>  <\/div>  <\/div>  <\/div>  <\/div>  <\/div>  <\/div> <\/section> <\/div> ","protected":false},"excerpt":{"rendered":"<p>Ar\u00e8nes Mes compositions figurant dans le disque \u00ab\u00a0Ar\u00e8nes\u00a0\u00bb. J&rsquo;ai mis les titres originaux des morceaux, rebaptis\u00e9s pour l&rsquo;occasion afin d&rsquo; \u00eatre plus raccord avec le th\u00e8me\u00a0 qui se voulait un hommage \u00e0 la course camarguaise. On a aussi rajout\u00e9 des couleurs \u00ab\u00a0proven\u00e7ales\u00a0\u00bb avec le hautbois languedocien et le tambour proven\u00e7al. A l&rsquo;origine ces morceaux avaient&#8230;<\/p>\n","protected":false},"author":1,"featured_media":0,"parent":0,"menu_order":1,"comment_status":"closed","ping_status":"closed","template":"elementor_header_footer","meta":{"_stopmodifiedupdate":false,"_modified_date":"","site-sidebar-layout":"default","site-content-layout":"","ast-site-content-layout":"default","site-content-style":"default","site-sidebar-style":"default","ast-global-header-display":"","ast-banner-title-visibility":"","ast-main-header-display":"","ast-hfb-above-header-display":"","ast-hfb-below-header-display":"","ast-hfb-mobile-header-display":"","site-post-title":"","ast-breadcrumbs-content":"","ast-featured-img":"","footer-sml-layout":"","theme-transparent-header-meta":"","adv-header-id-meta":"","stick-header-meta":"","header-above-stick-meta":"","header-main-stick-meta":"","header-below-stick-meta":"","astra-migrate-meta-layouts":"default","ast-page-background-enabled":"default","ast-page-background-meta":{"desktop":{"background-color":"","background-image":"","background-repeat":"repeat","background-position":"center center","background-size":"auto","background-attachment":"scroll","background-type":"","background-media":"","overlay-type":"","overlay-color":"","overlay-opacity":"","overlay-gradient":""},"tablet":{"background-color":"","background-image":"","background-repeat":"repeat","background-position":"center center","background-size":"auto","background-attachment":"scroll","background-type":"","background-media":"","overlay-type":"","overlay-color":"","overlay-opacity":"","overlay-gradient":""},"mobile":{"background-color":"","background-image":"","background-repeat":"repeat","background-position":"center center","background-size":"auto","background-attachment":"scroll","background-type":"","background-media":"","overlay-type":"","overlay-color":"","overlay-opacity":"","overlay-gradient":""}},"ast-content-background-meta":{"desktop":{"background-color":"var(--ast-global-color-5)","background-image":"","background-repeat":"repeat","background-position":"center center","background-size":"auto","background-attachment":"scroll","background-type":"","background-media":"","overlay-type":"","overlay-color":"","overlay-opacity":"","overlay-gradient":""},"tablet":{"background-color":"var(--ast-global-color-5)","background-image":"","background-repeat":"repeat","background-position":"center center","background-size":"auto","background-attachment":"scroll","background-type":"","background-media":"","overlay-type":"","overlay-color":"","overlay-opacity":"","overlay-gradient":""},"mobile":{"background-color":"var(--ast-global-color-5)","background-image":"","background-repeat":"repeat","background-position":"center center","background-size":"auto","background-attachment":"scroll","background-type":"","background-media":"","overlay-type":"","overlay-color":"","overlay-opacity":"","overlay-gradient":""}},"footnotes":""},"class_list":["post-23","page","type-page","status-publish","hentry"],"_links":{"self":[{"href":"https:\/\/patrickmiralles.com\/index.php?rest_route=\/wp\/v2\/pages\/23","targetHints":{"allow":["GET"]}}],"collection":[{"href":"https:\/\/patrickmiralles.com\/index.php?rest_route=\/wp\/v2\/pages"}],"about":[{"href":"https:\/\/patrickmiralles.com\/index.php?rest_route=\/wp\/v2\/types\/page"}],"author":[{"embeddable":true,"href":"https:\/\/patrickmiralles.com\/index.php?rest_route=\/wp\/v2\/users\/1"}],"replies":[{"embeddable":true,"href":"https:\/\/patrickmiralles.com\/index.php?rest_route=%2Fwp%2Fv2%2Fcomments&post=23"}],"version-history":[{"count":36,"href":"https:\/\/patrickmiralles.com\/index.php?rest_route=\/wp\/v2\/pages\/23\/revisions"}],"predecessor-version":[{"id":4994,"href":"https:\/\/patrickmiralles.com\/index.php?rest_route=\/wp\/v2\/pages\/23\/revisions\/4994"}],"wp:attachment":[{"href":"https:\/\/patrickmiralles.com\/index.php?rest_route=%2Fwp%2Fv2%2Fmedia&parent=23"}],"curies":[{"name":"wp","href":"https:\/\/api.w.org\/{rel}","templated":true}]}}