
{"id":202,"date":"2014-05-21T17:03:11","date_gmt":"2014-05-21T15:03:11","guid":{"rendered":"http:\/\/patrickmiralles.com\/?page_id=202"},"modified":"2026-04-11T19:41:13","modified_gmt":"2026-04-11T17:41:13","slug":"tableau-dune-execution","status":"publish","type":"page","link":"https:\/\/patrickmiralles.com\/?page_id=202","title":{"rendered":"Tableau d&rsquo;une ex\u00e9cution"},"content":{"rendered":" <div data-elementor-type=\"wp-page\" data-elementor-id=\"202\" class=\"elementor elementor-202\"> <section class=\"elementor-section elementor-top-section elementor-element elementor-element-3e435bb elementor-section-boxed elementor-section-height-default elementor-section-height-default\" data-id=\"3e435bb\" data-element_type=\"section\" data-e-type=\"section\"> <div class=\"elementor-container elementor-column-gap-default\">  <div class=\"elementor-column elementor-col-100 elementor-top-column elementor-element elementor-element-ecfbe6e\" data-id=\"ecfbe6e\" data-element_type=\"column\" data-e-type=\"column\">  <div class=\"elementor-widget-wrap elementor-element-populated\">  <div class=\"elementor-element elementor-element-1aa2efa elementor-widget elementor-widget-heading\" data-id=\"1aa2efa\" data-element_type=\"widget\" data-e-type=\"widget\" data-widget_type=\"heading.default\">  <div class=\"elementor-widget-container\"> <h3 class=\"elementor-heading-title elementor-size-default\">Tableau d'une ex\u00e9cution<\/h3> <\/div>  <\/div>  <\/div>  <\/div>  <\/div> <\/section>\n\t\t\t\t<section class=\"elementor-section elementor-top-section elementor-element elementor-element-02818ec elementor-section-boxed elementor-section-height-default elementor-section-height-default\" data-id=\"02818ec\" data-element_type=\"section\" data-e-type=\"section\"> <div class=\"elementor-container elementor-column-gap-default\">  <div class=\"elementor-column elementor-col-33 elementor-top-column elementor-element elementor-element-e8d702a\" data-id=\"e8d702a\" data-element_type=\"column\" data-e-type=\"column\">  <div class=\"elementor-widget-wrap elementor-element-populated\">  <div class=\"elementor-element elementor-element-c041d32 elementor-widget elementor-widget-image\" data-id=\"c041d32\" data-element_type=\"widget\" data-e-type=\"widget\" data-widget_type=\"image.default\">  <div class=\"elementor-widget-container\"> <img fetchpriority=\"high\" decoding=\"async\" width=\"480\" height=\"320\" src=\"https:\/\/patrickmiralles.com\/wp-content\/uploads\/2014\/05\/11.jpg\" class=\"attachment-medium_large size-medium_large wp-image-204\" alt=\"\" srcset=\"https:\/\/patrickmiralles.com\/wp-content\/uploads\/2014\/05\/11.jpg 480w, https:\/\/patrickmiralles.com\/wp-content\/uploads\/2014\/05\/11-300x200.jpg 300w\" sizes=\"(max-width: 480px) 100vw, 480px\" \/> <\/div>  <\/div>  <\/div>  <\/div>  <div class=\"elementor-column elementor-col-33 elementor-top-column elementor-element elementor-element-d00ebff\" data-id=\"d00ebff\" data-element_type=\"column\" data-e-type=\"column\">  <div class=\"elementor-widget-wrap elementor-element-populated\">  <div class=\"elementor-element elementor-element-aa54f1a elementor-widget elementor-widget-text-editor\" data-id=\"aa54f1a\" data-element_type=\"widget\" data-e-type=\"widget\" data-widget_type=\"text-editor.default\">  <div class=\"elementor-widget-container\"> <p>En 2011, le th\u00e9\u00e2tre de la palabre m\u2019a command\u00e9 quelques musiques et illustrations sonores pour l\u2019adaptation dune pi\u00e8ce de Howard Barker: Tableau d\u2019une ex\u00e9cution.<\/p><p>Dans une Venise de la Renaissance, le Doge, Urgentino commande \u00e0 Galactia un tableau comm\u00e9morant \u201cLa bataille de L\u00e9pante\u201d.<\/p> <\/div>  <\/div>  <\/div>  <\/div>  <div class=\"elementor-column elementor-col-33 elementor-top-column elementor-element elementor-element-3266c83\" data-id=\"3266c83\" data-element_type=\"column\" data-e-type=\"column\">  <div class=\"elementor-widget-wrap\">  <\/div>  <\/div>  <\/div> <\/section>\n\t\t\t\t<section class=\"elementor-section elementor-top-section elementor-element elementor-element-df7312c elementor-section-boxed elementor-section-height-default elementor-section-height-default\" data-id=\"df7312c\" data-element_type=\"section\" data-e-type=\"section\"> <div class=\"elementor-container elementor-column-gap-default\">  <div class=\"elementor-column elementor-col-33 elementor-top-column elementor-element elementor-element-2e3a49e\" data-id=\"2e3a49e\" data-element_type=\"column\" data-e-type=\"column\">  <div class=\"elementor-widget-wrap\">  <\/div>  <\/div>  <div class=\"elementor-column elementor-col-33 elementor-top-column elementor-element elementor-element-63b4955\" data-id=\"63b4955\" data-element_type=\"column\" data-e-type=\"column\">  <div class=\"elementor-widget-wrap elementor-element-populated\">  <div class=\"elementor-element elementor-element-9f9bb55 elementor-widget elementor-widget-text-editor\" data-id=\"9f9bb55\" data-element_type=\"widget\" data-e-type=\"widget\" data-widget_type=\"text-editor.default\">  <div class=\"elementor-widget-container\"> <p><em>Avec une \u00e9criture sculpt\u00e9e, des mots cisaill\u00e9s, acerbes, aiguis\u00e9s, Howard Barker brosse le portrait d\u2019une peintre qui incarne la femme, l\u2019artiste, la r\u00e9volte, l\u2019amour charnel et passionn\u00e9, la transgression.<\/em><\/p> <\/div>  <\/div>  <\/div>  <\/div>  <div class=\"elementor-column elementor-col-33 elementor-top-column elementor-element elementor-element-d260b11\" data-id=\"d260b11\" data-element_type=\"column\" data-e-type=\"column\">  <div class=\"elementor-widget-wrap\">  <\/div>  <\/div>  <\/div> <\/section>\n\t\t\t\t<section class=\"elementor-section elementor-top-section elementor-element elementor-element-23feeb0 elementor-section-boxed elementor-section-height-default elementor-section-height-default\" data-id=\"23feeb0\" data-element_type=\"section\" data-e-type=\"section\"> <div class=\"elementor-container elementor-column-gap-default\">  <div class=\"elementor-column elementor-col-100 elementor-top-column elementor-element elementor-element-8e9039a\" data-id=\"8e9039a\" data-element_type=\"column\" data-e-type=\"column\">  <div class=\"elementor-widget-wrap elementor-element-populated\">  <div class=\"elementor-element elementor-element-c35b5db elementor-widget elementor-widget-shortcode\" data-id=\"c35b5db\" data-element_type=\"widget\" data-e-type=\"widget\" data-widget_type=\"shortcode.default\">  <div class=\"elementor-widget-container\">  <div class=\"elementor-shortcode\">  <div   id=\"ag1\" class=\"audiogallery ag_slug_tableau auto-init skin-aura id_54 \" style=\"background-color:;\" data-options='{\"design_skin\":\"skin-aura\",\"settings_ap\":\"default-settings-for-zoomsounds\",\"settings_mode\":\"mode-normal\",\"navigation_method\":\"legacyscroll\",\"settings_mode_showall_show_number\":\"off\",\"mode_showall_layout\":\"\",\"design_menu_height\":\"auto\"}'>  <div class=\"items\">  <div class=\"audioplayer-tobe  playerid-4807 apconfig-default-settings-for-zoomsounds skin-wave button-aspect-noir  skin-wave  ap4807\"  style=\"\" data-posttype=\"dzsap_items\" id=\"ap4807\" data-playerid=\"4807\" data-computed-playerid=\"4807\" data-real-playerid=\"4807\" data-sanitized_source=\"httppatrickmirallescomwpcontentuploads202004TARENTELLE2020mp3\" data-sample_time_total=\"172\" data-pcm='[0.1,0.2,0.27,0.14,0.34,0.23,0.18,0.05,0.18,0.09,0.11,0.13,0.16,0.16,0.07,0.21,0.12,0.12,0.13,0.12,0.22,0.1,0.21,0.17,0.14,0.1,0.26,0.19,0.1,0.27,0.28,0.1,0.21,0.23,0.03,0.43,0.12,0.23,0.12,0.16,0.22,0.15,0.19,0.43,0.42,0.4,0.3,0.13,0.27,0.27,0.19,0.16,0.14,0.43,0.21,0.29,0.12,0.21,0.25,0.24,0.15,0.25,0.23,0.22,0.17,0.22,0.16,0.12,0.17,0.21,0.16,0.18,0.22,0.17,0.14,0.26,0.11,0.15,0.15,0.2,0.19,0.16,0.22,0.28,0.1,0.12,0.2,0.28,0.12,0.14,0.23,0.28,0.18,0.21,0.13,0.14,0.24,0.08,0.22,0.19,0.12,0.22,0.3,0.24,0.31,0.06,0.22,0.39,0.16,0.38,0.14,0.19,0.26,0.15,0.21,0.18,0.24,0.26,0.24,0.18,0.34,0.13,0.29,0.14,0.43,0.28,0.27,0.25,0.19,0.13,0.33,0.29,0.06,0.31,0.35,0.21,0.18,0.27,0.54,0.28,0.24,0.37,0.26,0.43,0.16,0.36,0.21,0.23,0.24,0.2,0.29,0.31,0.4,0.28,0.41,0.32,0.34,0.21,0.33,0.26,0.38,0.25,0.22,0.16,0.32,0.21,0.36,0.32,0.21,0.33,0.07,0.34,0.04,0.24,0.35,0.02,0.33,0.51,0.29,0.12,0.33,0.4,0.3,0.23,0.11,0.39,0.25,0.19,0.21,0.17,0.27,0.21,0.23,0.32,0.18,0.21,0.23,0.2,0.17,0.3,0.09,0.1,0.34,0.29,0.16,0.2,0.26,0.16,0.39,0.19,0.12,0.37,0.21,0.16,0.17,0.31,0.19,0.2,0.18,0.16,0.26,0.29,0.16,0.21,0.2,0.2,0.24,0.18,0.39,0.27,0.36,0.29,0.39,0.28,0.36,0.28,0.15,0.26,0.11,0.45,0.25,0.21,0.18,0.2,0.18,0.29,0.11,0.28,0.19,0.25,0.21,0.08,0.32,0.27,0.17,0.18,0.25,0.57,0.15,0.49,0.21,0.34,0.22,0.22,0.26,0.23,0.34,0.19,0.24,0.18,0.14,0.25,0.16,0.21,0.09,0.06,0.12,0.3,0.03,0.37,0.15,0.49,0.25,0.17,0.35,0.24,0.22,0.36,0.34,0.31,0.43,0.35,0.19,0.26,0.33,0.13,0.17,0.23,0.26,0.48,0.23,0.5,0.28,0.45,0.34,0.27,0.22,0.2,0.09,0.31,0.11,0.4,0.14,0.18,0.25,0.77,0.17,0.23,0.18,0.42,0.26,0.27,0.5,0.24,0.31,0.09,0.41,0.19,0.19,0.15,0.29,0.22,0.18,0.35,0.25,0.33,0.18,0.16,0.18,0.33,0.23,0.17,0.33,0.19,0.38,0.23,0.14,0.37,0.22,0.15,0.43,0.24,0.42,0.2,0.21,0.2,0.21,0.18,0.15,0.58,0.3,0.29,0.17,0.18,0.09,0.28,0.13,0.03,0.05,0.16,0.17,0.24,0.15,0.31,0.14,0.12,0.19,0.26,0.13,0.23,0.32,0.22,0.11,0.1,0.52,0.43,0.45,0.13,0.09,0.23,0.2,0.13,0.2,0.45,0.19,0.23,0,0,0,0]' data-type=\"detect\" data-source=\"http:\/\/patrickmiralles.com\/wp-content\/uploads\/2020\/04\/TARENTELLE-2020.mp3\">  <div hidden class=\"feed-dzsap feed-artist-name\"> P Miralles <\/div>  <div hidden class=\"feed-dzsap feed-song-name\"> Tarentelle de l\u00e9pante <\/div>  <div class=\"meta-artist track-meta-for-dzsap\"> <span class=\"the-artist first-line\"><span class=\"first-line-label\" >P Miralles<\/span><\/span><span class=\"the-name the-songname second-line\" >Tarentelle de l\u00e9pante<\/span> <\/div>  <div class=\"menu-description\">  <div class=\"menu-artist-info\"> <span class=\"the-artist\">P Miralles<\/span><span class=\"the-name\">Tarentelle de l\u00e9pante<\/span> <\/div>  <div class=\"menu-item-views\"> <svg class=\"svg-icon\" version=\"1.1\" id=\"Layer_2\" xmlns=\"https:\/\/www.w3.org\/2000\/svg\" xmlns:xlink=\"https:\/\/www.w3.org\/1999\/xlink\" x=\"0px\" y=\"0px\" width=\"11.161px\" height=\"12.817px\" viewBox=\"0 0 11.161 12.817\" enable-background=\"new 0 0 11.161 12.817\" xml:space=\"preserve\"> <g> <g> <g> <path fill=\"#D2D6DB\" d=\"M8.233,4.589c1.401,0.871,2.662,1.77,2.801,1.998c0.139,0.228-1.456,1.371-2.896,2.177l-4.408,2.465 c-1.44,0.805-2.835,1.474-3.101,1.484c-0.266,0.012-0.483-1.938-0.483-3.588V3.666c0-1.65,0.095-3.19,0.212-3.422 c0.116-0.232,1.875,0.613,3.276,1.484L8.233,4.589z\"\/> <\/g> <\/g> <\/g> <\/svg> <span class=\"the-count\">14<\/span> <\/div>  <div class=\"float-right\"> <a rel=\"nofollow\" class=\"btn-zoomsounds-menu menu-facebook-share\"  onclick='window.dzs_open_social_link(\"https:\/\/www.facebook.com\/sharer.php?u={{shareurl}}\",this); return false;'> <i class=\"fa fa-share\" aria-hidden=\"true\"><\/i> <\/a>  <a rel=\"nofollow\" class=\"btn-zoomsounds-menu menu-btn-like \"> <i class=\"fa fa-thumbs-up\" aria-hidden=\"true\"><\/i> <\/a> <\/div>  <\/div>  <\/div>  <div class=\"audioplayer-tobe  playerid-4808 apconfig-default-settings-for-zoomsounds skin-wave button-aspect-noir  skin-wave  ap4808\"  style=\"\" data-posttype=\"dzsap_items\" id=\"ap4808\" data-playerid=\"4808\" data-computed-playerid=\"4808\" data-real-playerid=\"4808\" data-sanitized_source=\"httppatrickmirallescomwpcontentuploads201405Rquiempourunpeintremp3\" data-sample_time_total=\"161\" data-pcm='[0.689,0.699,0.026,0.843,0.402,0.034,0.879,0.603,0.731,0.334,0.28,0.841,0.375,0.093,0.843,0.636,0.753,0.001,0.256,0.337,0.386,0.409,0.205,0.459,0.881,0.875,0.183,0.761,0.582,0.442,0.636,0.009,0.932,0.338,0.856,0.699,0.753,0.742,0.718,0.344,0.72,0.718,0.248,0.787,0.495,0.077,0.174,0.161,0.347,0.505,0.168,0.48,0.495,0.641,0.974,0.447,0.141,0.648,0.444,0.71,0.402,0.828,0.505,0.248,0.84,0.143,0.545,0.769,0.556,0.211,0.216,0.763,0.988,0.627,0.465,0.283,0.905,0.809,0.974,0.45,0.352,0.265,0.517,0.448,0.102,0.527,0.917,0.268,0.603,0.532,0.444,0.199,0.115,0.582,0.191,0.515,0.003,0.023,0.421,0.949,0.627,0.241,0.755,0.492,0.936,0.357,0.588,0.97,0.282,0.698,0.654,0.59,0.487,0.519,0.626,0.471,0.678,0.996,0.979,0.451,0.234,0.655,0.126,0.063,0.015,0.421,0.05,0.961,0.045,0.176,0.083,0.399,0.421,0.982,0.244,0.783,0.53,0.28,0.078,0.62,0.915,0.25,0.796,0.752,0.91,0.103,0.257,0.674,0.762,0.826,0.505,0.096,0.63,0.154,0.034,0.345,0.418,0.938,0.454,0.642,0.623,0.992,0.072,0.151,0.385,0.818,0.862,0.312,0.448,0.521,0.332,0.374,0.235,0.217,0.965,0.388,0.41,0.092,0.717,0.725,0.103,0.386,0.493,0.839,0.905,0.215,0.227,0.828,0.403,0.882,0.66,0.903,0.255,0.194,0.119,0.329,0.219,0.446,0.506,0.935]' data-type=\"detect\" data-source=\"http:\/\/patrickmiralles.com\/wp-content\/uploads\/2014\/05\/R\u00e9quiem-pour-un-peintre.mp3\">  <div hidden class=\"feed-dzsap feed-artist-name\"> P Miralles <\/div>  <div hidden class=\"feed-dzsap feed-song-name\"> R\u00e9quiem pour un peintre <\/div>  <div class=\"meta-artist track-meta-for-dzsap\"> <span class=\"the-artist first-line\"><span class=\"first-line-label\" >P Miralles<\/span><\/span><span class=\"the-name the-songname second-line\" >R\u00e9quiem pour un peintre<\/span> <\/div>  <div class=\"menu-description\">  <div class=\"menu-artist-info\"> <span class=\"the-artist\">P Miralles<\/span><span class=\"the-name\">R\u00e9quiem pour un peintre<\/span> <\/div>  <div class=\"menu-item-views\"> <svg class=\"svg-icon\" version=\"1.1\" id=\"Layer_2\" xmlns=\"https:\/\/www.w3.org\/2000\/svg\" xmlns:xlink=\"https:\/\/www.w3.org\/1999\/xlink\" x=\"0px\" y=\"0px\" width=\"11.161px\" height=\"12.817px\" viewBox=\"0 0 11.161 12.817\" enable-background=\"new 0 0 11.161 12.817\" xml:space=\"preserve\"> <g> <g> <g> <path fill=\"#D2D6DB\" d=\"M8.233,4.589c1.401,0.871,2.662,1.77,2.801,1.998c0.139,0.228-1.456,1.371-2.896,2.177l-4.408,2.465 c-1.44,0.805-2.835,1.474-3.101,1.484c-0.266,0.012-0.483-1.938-0.483-3.588V3.666c0-1.65,0.095-3.19,0.212-3.422 c0.116-0.232,1.875,0.613,3.276,1.484L8.233,4.589z\"\/> <\/g> <\/g> <\/g> <\/svg> <span class=\"the-count\">12<\/span> <\/div>  <div class=\"float-right\"> <a rel=\"nofollow\" class=\"btn-zoomsounds-menu menu-facebook-share\"  onclick='window.dzs_open_social_link(\"https:\/\/www.facebook.com\/sharer.php?u={{shareurl}}\",this); return false;'> <i class=\"fa fa-share\" aria-hidden=\"true\"><\/i> <\/a>  <a rel=\"nofollow\" class=\"btn-zoomsounds-menu menu-btn-like \"> <i class=\"fa fa-thumbs-up\" aria-hidden=\"true\"><\/i> <\/a> <\/div>  <\/div>  <\/div>  <div class=\"audioplayer-tobe  playerid-4809 apconfig-default-settings-for-zoomsounds skin-wave button-aspect-noir  skin-wave  ap4809\"  style=\"\" data-posttype=\"dzsap_items\" id=\"ap4809\" data-playerid=\"4809\" data-computed-playerid=\"4809\" data-real-playerid=\"4809\" data-sanitized_source=\"httppatrickmirallescomwpcontentuploads201405Entrechienetloupmp3\" data-sample_time_total=\"125\" data-pcm='[0.387,0.163,0.862,0.075,0.184,0.845,0.313,0.03,0.728,0.26,0.562,0.947,0.881,0.886,0.235,0.786,0.34,0.254,0.335,0.195,0.436,0.814,0.369,0.987,0.617,0.69,0.735,0.714,0.465,0.763,0.906,0.223,0.309,0.882,0.348,0.658,0.177,0.057,0.009,0.89,0.222,0.033,0.017,0.935,0.657,0.182,0.88,0.802,0.518,0.091,0.361,0.795,0.699,0.816,0.635,0.851,0.877,0.383,0.458,0.213,0.339,0.294,0.32,0.303,0.699,0.228,0.288,0.586,0.84,0.315,0.043,0.134,0.035,0.569,0.386,0.928,0.831,0.778,0.996,0.027,0.472,0.716,0.645,0.61,0.273,0.163,0.336,0.557,0.3,0.538,0.603,0.161,0.31,0.175,0.072,0.818,0.563,0.178,0.496,0.933,0.811,0.591,0.115,0.895,0.69,0.306,0.945,0.565,0.083,0.147,0.76,0.386,0.246,0.908,0.617,0.11,0.12,0.296,0.1,0.907,0.402,0.127,0.443,0.457,0.056,0.852,0.026,0.617,0.923,0.765,0.042,0.933,0.578,0.652,0.838,0.687,0.537,0.519,0.487,0.682,0.639,0.91,0.839,0.002,0.676,0.298,0.642,0.88,0.172,0.238,0.75,0.834,0.874,0.612,0.04,0.249,0.327,0.028,0.149,0.936,0.511,0.749,0.435,0.702,0.242,0.569,0.83,0.555,0.404,0.052,0.442,0.956,0.843,0.902,0.324,0.968,0.562,0.119,0.107,0.36,0.225,0.067,0.474,0.495,0.933,0.134,0.13,0.441,0.859,0.477,0.495,0.688,0.112,0.279,0.254,0.754,0.101,0.751,0.831,0.335]' data-type=\"shoutcast\" data-source=\"http:\/\/patrickmiralles.com\/wp-content\/uploads\/2014\/05\/Entre-chien-et-loup.mp3\">  <div hidden class=\"feed-dzsap feed-artist-name\"> P Miralles <\/div>  <div hidden class=\"feed-dzsap feed-song-name\"> Entre chien et loup <\/div>  <div class=\"meta-artist track-meta-for-dzsap\"> <span class=\"the-artist first-line\"><span class=\"first-line-label\" >P Miralles<\/span><\/span><span class=\"the-name the-songname second-line\" >Entre chien et loup<\/span> <\/div>  <div class=\"menu-description\">  <div class=\"menu-artist-info\"> <span class=\"the-artist\">P Miralles<\/span><span class=\"the-name\">Entre chien et loup<\/span> <\/div>  <div class=\"menu-item-views\"> <svg class=\"svg-icon\" version=\"1.1\" id=\"Layer_2\" xmlns=\"https:\/\/www.w3.org\/2000\/svg\" xmlns:xlink=\"https:\/\/www.w3.org\/1999\/xlink\" x=\"0px\" y=\"0px\" width=\"11.161px\" height=\"12.817px\" viewBox=\"0 0 11.161 12.817\" enable-background=\"new 0 0 11.161 12.817\" xml:space=\"preserve\"> <g> <g> <g> <path fill=\"#D2D6DB\" d=\"M8.233,4.589c1.401,0.871,2.662,1.77,2.801,1.998c0.139,0.228-1.456,1.371-2.896,2.177l-4.408,2.465 c-1.44,0.805-2.835,1.474-3.101,1.484c-0.266,0.012-0.483-1.938-0.483-3.588V3.666c0-1.65,0.095-3.19,0.212-3.422 c0.116-0.232,1.875,0.613,3.276,1.484L8.233,4.589z\"\/> <\/g> <\/g> <\/g> <\/svg> <span class=\"the-count\">11<\/span> <\/div>  <div class=\"float-right\"> <a rel=\"nofollow\" class=\"btn-zoomsounds-menu menu-facebook-share\"  onclick='window.dzs_open_social_link(\"https:\/\/www.facebook.com\/sharer.php?u={{shareurl}}\",this); return false;'> <i class=\"fa fa-share\" aria-hidden=\"true\"><\/i> <\/a>  <a rel=\"nofollow\" class=\"btn-zoomsounds-menu menu-btn-like \"> <i class=\"fa fa-thumbs-up\" aria-hidden=\"true\"><\/i> <\/a> <\/div>  <\/div>  <\/div>  <div class=\"audioplayer-tobe  playerid-4821 apconfig-default-settings-for-zoomsounds skin-wave button-aspect-noir  skin-wave  ap4821\"  style=\"\" data-posttype=\"dzsap_items\" id=\"ap4821\" data-playerid=\"4821\" data-computed-playerid=\"4821\" data-real-playerid=\"4821\" data-sanitized_source=\"httppatrickmirallescomwpcontentuploads202102Galactiamp3\" data-sample_time_total=\"42\" data-pcm='[0,0,0,0,0,0,0,0,0.09,0.37,0.28,0.26,0.13,0.32,0.05,0.08,0.1,0.15,0.15,0.32,0.29,0.26,0.05,0.04,0.21,0.14,0.22,0.22,0.2,0.18,0.17,0.17,0.24,0.25,0.18,0.24,0.09,0.25,0.04,0.1,0.14,0.17,0.2,0.08,0.25,0.19,0.12,0.19,0.23,0.2,0.27,0.19,0.25,0.14,0.06,0.19,0.2,0.19,0.12,0.19,0.2,0.17,0.13,0.03,0.36,0.22,0.14,0.22,0.21,0.15,0.22,0.19,0.26,0.2,0.25,0.23,0.25,0.23,0.04,0.08,0.19,0.16,0.17,0.29,0.02,0.35,0.04,0.04,0.27,0.17,0.33,0.29,0.19,0.16,0.16,0.16,0.16,0.32,0.3,0.34,0.21,0.21,0.04,0.06,0.17,0.16,0.15,0.05,0.16,0.09,0.14,0.14,0.23,0.39,0.24,0.25,0.13,0.3,0.17,0.24,0.17,0.41,0.22,0.18,0.3,0.26,0.12,0.19,0.13,0.16,0.27,0.23,0.1,0.25,0.04,0.13,0.2,0.24,0.22,0.21,0.07,0.15,0.1,0.04,0.2,0.42,0.17,0.29,0.25,0.37,0.16,0.09,0.05,0.09,0.03,0.04,0.11,0.22,0.05,0.07,0.2,0.25,0.17,0.06,0.15,0.12,0.02,0.05,0.14,0.15,0.03,0.05,0.2,0.29,0.04,0.07,0.16,0.27,0.24,0.21,0.29,0.24,0.05,0.03,0.19,0.25,0.02,0.04,0.23,0.19,0.05,0.03,0.24,0.17,0.11,0.09,0.07,0.08,0.02,0.02,0.19,0.1,0.26,0.19,0.17,0.12,0.22,0.15,0.17,0.09,0.24,0.19,0.26,0.36,0.29,0.19,0.18,0.28,0.16,0.3,0.18,0.19,0.27,0.3,0.32,0.35,0.28,0.24,0.39,0.28,0.37,0.34,0.19,0.44,0.13,0.31,0.31,0.3,0.44,0.25,0.14,0.15,0.16,0.26,0.31,0.24,0.2,0.29,0.12,0.22,0.25,0.37,0.35,0.08,0.14,0.07,0.22,0.17,0.16,0.27,0.13,0.27,0.23,0.16,0.21,0.28,0.23,0.22,0.09,0.19,0.04,0.03,0.18,0.26,0.19,0.29,0.23,0.29,0.11,0.15,0.13,0.07,0.03,0.02,0.18,0.22,0.23,0.06,0.11,0.22,0.14,0.38,0.09,0.2,0.03,0.03,0.16,0.12,0.04,0.02,0.19,0.29,0.04,0.03,0.18,0.21,0.25,0.28,0.27,0.09,0.03,0.04,0.05,0.2,0.02,0.03,0.04,0.11,0.03,0.02,0.22,0.21,0.11,0.23,0.13,0.15,0.03,0.04,0.15,0.15,0.28,0.2,0.22,0.14,0.26,0.21,0.27,0.24,0.17,0.05,0.23,0.25,0.19,0.34,0.26,0.23,0.15,0.25,0.24,0.16,0.24,0.18,0.32,0.25,0.27,0.3,0.31,0.31,0.34,0.32,0.2,0.32,0.14,0.37,0.23,0.19,0.41,0.21,0.25,0.12,0.18,0.26,0.16,0.32,0.2,0.18,0.14,0.14,0.17,0.14,0.24,0.28,0.22,0.25,0.19,0.28,0.07,0.43,0.22,0.28,0.03,0.03,0.02,0.02,0.02,0.01,0.01,0.01,0.01,0.01]' data-type=\"shoutcast\" data-source=\"http:\/\/patrickmiralles.com\/wp-content\/uploads\/2021\/02\/Galactia.mp3\">  <div hidden class=\"feed-dzsap feed-artist-name\"> P Miralles <\/div>  <div hidden class=\"feed-dzsap feed-song-name\"> Galactia <\/div>  <div class=\"meta-artist track-meta-for-dzsap\"> <span class=\"the-artist first-line\"><span class=\"first-line-label\" >P Miralles<\/span><\/span><span class=\"the-name the-songname second-line\" >Galactia<\/span> <\/div>  <div class=\"menu-description\">  <div class=\"menu-artist-info\"> <span class=\"the-artist\">P Miralles<\/span><span class=\"the-name\">Galactia<\/span> <\/div>  <div class=\"menu-item-views\"> <svg class=\"svg-icon\" version=\"1.1\" id=\"Layer_2\" xmlns=\"https:\/\/www.w3.org\/2000\/svg\" xmlns:xlink=\"https:\/\/www.w3.org\/1999\/xlink\" x=\"0px\" y=\"0px\" width=\"11.161px\" height=\"12.817px\" viewBox=\"0 0 11.161 12.817\" enable-background=\"new 0 0 11.161 12.817\" xml:space=\"preserve\"> <g> <g> <g> <path fill=\"#D2D6DB\" d=\"M8.233,4.589c1.401,0.871,2.662,1.77,2.801,1.998c0.139,0.228-1.456,1.371-2.896,2.177l-4.408,2.465 c-1.44,0.805-2.835,1.474-3.101,1.484c-0.266,0.012-0.483-1.938-0.483-3.588V3.666c0-1.65,0.095-3.19,0.212-3.422 c0.116-0.232,1.875,0.613,3.276,1.484L8.233,4.589z\"\/> <\/g> <\/g> <\/g> <\/svg> <span class=\"the-count\">14<\/span> <\/div>  <div class=\"float-right\"> <a rel=\"nofollow\" class=\"btn-zoomsounds-menu menu-facebook-share\"  onclick='window.dzs_open_social_link(\"https:\/\/www.facebook.com\/sharer.php?u={{shareurl}}\",this); return false;'> <i class=\"fa fa-share\" aria-hidden=\"true\"><\/i> <\/a>  <a rel=\"nofollow\" class=\"btn-zoomsounds-menu menu-btn-like \"> <i class=\"fa fa-thumbs-up\" aria-hidden=\"true\"><\/i> <\/a> <\/div>  <\/div>  <\/div>  <\/div>  <\/div>  <\/div>  <\/div>  <\/div>  <\/div>  <\/div>  <\/div> <\/section>\n\t\t\t\t<section class=\"elementor-section elementor-top-section elementor-element elementor-element-0f54cb1 elementor-section-boxed elementor-section-height-default elementor-section-height-default\" data-id=\"0f54cb1\" data-element_type=\"section\" data-e-type=\"section\"> <div class=\"elementor-container elementor-column-gap-default\">  <div class=\"elementor-column elementor-col-100 elementor-top-column elementor-element elementor-element-739d2df\" data-id=\"739d2df\" data-element_type=\"column\" data-e-type=\"column\">  <div class=\"elementor-widget-wrap elementor-element-populated\">  <div class=\"elementor-element elementor-element-bcb77ae elementor-widget elementor-widget-spacer\" data-id=\"bcb77ae\" data-element_type=\"widget\" data-e-type=\"widget\" data-widget_type=\"spacer.default\">  <div class=\"elementor-widget-container\">  <div class=\"elementor-spacer\">  <div class=\"elementor-spacer-inner\">  <\/div>  <\/div>  <\/div>  <\/div>  <\/div>  <\/div>  <\/div> <\/section> <\/div> ","protected":false},"excerpt":{"rendered":"<p>Tableau d&rsquo;une ex\u00e9cution En 2011, le th\u00e9\u00e2tre de la palabre m\u2019a command\u00e9 quelques musiques et illustrations sonores pour l\u2019adaptation dune pi\u00e8ce de Howard Barker: Tableau d\u2019une ex\u00e9cution. Dans une Venise de la Renaissance, le Doge, Urgentino commande \u00e0 Galactia un tableau comm\u00e9morant \u201cLa bataille de L\u00e9pante\u201d. Avec une \u00e9criture sculpt\u00e9e, des mots cisaill\u00e9s, acerbes, aiguis\u00e9s,&#8230;<\/p>\n","protected":false},"author":1,"featured_media":0,"parent":0,"menu_order":0,"comment_status":"closed","ping_status":"closed","template":"","meta":{"_stopmodifiedupdate":false,"_modified_date":"","site-sidebar-layout":"no-sidebar","site-content-layout":"page-builder","ast-site-content-layout":"default","site-content-style":"default","site-sidebar-style":"default","ast-global-header-display":"","ast-banner-title-visibility":"","ast-main-header-display":"","ast-hfb-above-header-display":"","ast-hfb-below-header-display":"","ast-hfb-mobile-header-display":"","site-post-title":"disabled","ast-breadcrumbs-content":"","ast-featured-img":"","footer-sml-layout":"","theme-transparent-header-meta":"default","adv-header-id-meta":"","stick-header-meta":"","header-above-stick-meta":"","header-main-stick-meta":"","header-below-stick-meta":"","astra-migrate-meta-layouts":"default","ast-page-background-enabled":"default","ast-page-background-meta":{"desktop":{"background-color":"","background-image":"","background-repeat":"repeat","background-position":"center center","background-size":"auto","background-attachment":"scroll","background-type":"","background-media":"","overlay-type":"","overlay-color":"","overlay-opacity":"","overlay-gradient":""},"tablet":{"background-color":"","background-image":"","background-repeat":"repeat","background-position":"center center","background-size":"auto","background-attachment":"scroll","background-type":"","background-media":"","overlay-type":"","overlay-color":"","overlay-opacity":"","overlay-gradient":""},"mobile":{"background-color":"","background-image":"","background-repeat":"repeat","background-position":"center center","background-size":"auto","background-attachment":"scroll","background-type":"","background-media":"","overlay-type":"","overlay-color":"","overlay-opacity":"","overlay-gradient":""}},"ast-content-background-meta":{"desktop":{"background-color":"var(--ast-global-color-5)","background-image":"","background-repeat":"repeat","background-position":"center center","background-size":"auto","background-attachment":"scroll","background-type":"","background-media":"","overlay-type":"","overlay-color":"","overlay-opacity":"","overlay-gradient":""},"tablet":{"background-color":"var(--ast-global-color-5)","background-image":"","background-repeat":"repeat","background-position":"center center","background-size":"auto","background-attachment":"scroll","background-type":"","background-media":"","overlay-type":"","overlay-color":"","overlay-opacity":"","overlay-gradient":""},"mobile":{"background-color":"var(--ast-global-color-5)","background-image":"","background-repeat":"repeat","background-position":"center center","background-size":"auto","background-attachment":"scroll","background-type":"","background-media":"","overlay-type":"","overlay-color":"","overlay-opacity":"","overlay-gradient":""}},"footnotes":""},"class_list":["post-202","page","type-page","status-publish","hentry"],"_links":{"self":[{"href":"https:\/\/patrickmiralles.com\/index.php?rest_route=\/wp\/v2\/pages\/202","targetHints":{"allow":["GET"]}}],"collection":[{"href":"https:\/\/patrickmiralles.com\/index.php?rest_route=\/wp\/v2\/pages"}],"about":[{"href":"https:\/\/patrickmiralles.com\/index.php?rest_route=\/wp\/v2\/types\/page"}],"author":[{"embeddable":true,"href":"https:\/\/patrickmiralles.com\/index.php?rest_route=\/wp\/v2\/users\/1"}],"replies":[{"embeddable":true,"href":"https:\/\/patrickmiralles.com\/index.php?rest_route=%2Fwp%2Fv2%2Fcomments&post=202"}],"version-history":[{"count":47,"href":"https:\/\/patrickmiralles.com\/index.php?rest_route=\/wp\/v2\/pages\/202\/revisions"}],"predecessor-version":[{"id":7756,"href":"https:\/\/patrickmiralles.com\/index.php?rest_route=\/wp\/v2\/pages\/202\/revisions\/7756"}],"wp:attachment":[{"href":"https:\/\/patrickmiralles.com\/index.php?rest_route=%2Fwp%2Fv2%2Fmedia&parent=202"}],"curies":[{"name":"wp","href":"https:\/\/api.w.org\/{rel}","templated":true}]}}